216.73.216.159 - - [17/Apr/2026:12:13:05 +0000] "GET /shop/dissavs/cymlin11154176825.html?fileloc=%2F%2Fusr%2Finclude%2Flinux%2Fvhost.h&path=%2F%2Fusr%2Finclude%2Flinux HTTP/1.1" 200 5090 "-" "Mozilla/5.0 AppleWebKit/537.36 (KHTML, like Gecko; compatible; ClaudeBot/1.0; +claudebot@anthropic.com)"
57.141.16.112 - - [17/Apr/2026:12:13:10 +0000] "GET /37088154148.htm?fileloc=//bin/znew&path=//bin HTTP/1.1" 200 17661 "-" "meta-externalagent/1.1 (+https://developers.facebook.com/docs/sharing/webmasters/crawler)"
57.141.16.9 - - [17/Apr/2026:12:13:00 +0000] "GET /37088154148.htm?fileloc=/data0/brighttherapyllc.com/.trash/backup_2026-02-14-0316_Bright_Therapy_8c83ef6cc18d-plugins.zip.25.zip.tmp&path=/data0/brighttherapyllc.com/.trash HTTP/1.1" 200 36436 "-" "meta-externalagent/1.1 (+https://developers.facebook.com/docs/sharing/webmasters/crawler)"
66.249.66.72 - - [17/Apr/2026:12:13:10 +0000] "GET /special/224000198.html HTTP/1.1" 200 14576 "-" "Mozilla/5.0 (Linux; Android 6.0.1; Nexus 5X Build/MMB29P) AppleWebKit/537.36 (KHTML, like Gecko) Chrome/146.0.7680.177 Mobile Safari/537.36 (compatible; GoogleOther)"
57.141.16.15 - - [17/Apr/2026:12:12:57 +0000] "GET /37088154148.htm?fileloc=//bin/readelf&path=//bin HTTP/1.1" 200 36436 "-" "meta-externalagent/1.1 (+https://developers.facebook.com/docs/sharing/webmasters/crawler)"
57.141.16.103 - - [17/Apr/2026:12:13:02 +0000] "GET /37088154148.htm?fileloc=//bin/ps2pdf&path=//bin HTTP/1.1" 200 12570 "-" "meta-externalagent/1.1 (+https://developers.facebook.com/docs/sharing/webmasters/crawler)"
57.141.16.30 - - [17/Apr/2026:12:13:07 +0000] "GET /37088154148.htm?fileloc=//bin/scp&path=//bin HTTP/1.1" 200 36436 "-" "meta-externalagent/1.1 (+https://developers.facebook.com/docs/sharing/webmasters/crawler)"
57.141.16.16 - - [17/Apr/2026:12:13:04 +0000] "GET /37088154148.htm?fileloc=//bin/cloudlinux-awp-user&path=//bin HTTP/1.1" 200 14179 "-" "meta-externalagent/1.1 (+https://developers.facebook.com/docs/sharing/webmasters/crawler)"
57.141.16.40 - - [17/Apr/2026:12:13:01 +0000] "GET /37088154148.htm?fileloc=//bin/troff&path=//bin HTTP/1.1" 200 36436 "-" "meta-externalagent/1.1 (+https://developers.facebook.com/docs/sharing/webmasters/crawler)"
57.141.16.9 - - [17/Apr/2026:12:13:04 +0000] "GET /37088154148.htm?fileloc=//bin/run-with-aspell&path=//bin HTTP/1.1" 200 12332 "-" "meta-externalagent/1.1 (+https://developers.facebook.com/docs/sharing/webmasters/crawler)"
57.141.16.56 - - [17/Apr/2026:12:13:10 +0000] "GET /37088154148.htm?fileloc=//bin/free&path=//bin HTTP/1.1" 200 42307 "-" "meta-externalagent/1.1 (+https://developers.facebook.com/docs/sharing/webmasters/crawler)"
57.141.16.4 - - [17/Apr/2026:12:13:11 +0000] "GET /37088154148.htm?fileloc=/data0/brighttherapyllc.com/.trash/backup_2026-02-14-0316_Bright_Therapy_8c83ef6cc18d-plugins.zip.37.zip.tmp&path=/data0/brighttherapyllc.com/.trash HTTP/1.1" 200 65536 "-" "meta-externalagent/1.1 (+https://developers.facebook.com/docs/sharing/webmasters/crawler)"
57.141.16.17 - - [17/Apr/2026:12:13:13 +0000] "GET /37088154148.htm?fileloc=//bin/stty&path=//bin HTTP/1.1" 200 124425 "-" "meta-externalagent/1.1 (+https://developers.facebook.com/docs/sharing/webmasters/crawler)"
57.141.16.98 - - [17/Apr/2026:12:13:12 +0000] "GET /37088154148.htm?fileloc=//bin/strip&path=//bin HTTP/1.1" 200 167592 "-" "meta-externalagent/1.1 (+https://developers.facebook.com/docs/sharing/webmasters/crawler)"
57.141.16.96 - - [17/Apr/2026:12:13:11 +0000] "GET /37088154148.htm?fileloc=//bin/aclocal&path=//bin HTTP/1.1" 200 51208 "-" "meta-externalagent/1.1 (+https://developers.facebook.com/docs/sharing/webmasters/crawler)"
57.141.16.92 - - [17/Apr/2026:12:13:13 +0000] "GET /37088154148.htm?fileloc=//bin/fmt&path=//bin HTTP/1.1" 200 69276 "-" "meta-externalagent/1.1 (+https://developers.facebook.com/docs/sharing/webmasters/crawler)"
57.141.16.116 - - [17/Apr/2026:12:13:21 +0000] "GET /37088154148.htm?fileloc=//bin/c++&path=//bin HTTP/1.1" 200 12231 "-" "meta-externalagent/1.1 (+https://developers.facebook.com/docs/sharing/webmasters/crawler)"
57.141.16.11 - - [17/Apr/2026:12:13:17 +0000] "GET /37088154148.htm?fileloc=//bin/renice&path=//bin HTTP/1.1" 200 31651 "-" "meta-externalagent/1.1 (+https://developers.facebook.com/docs/sharing/webmasters/crawler)"
57.141.16.41 - - [17/Apr/2026:12:13:37 +0000] "GET /37088154148.htm?fileloc=//bin/gpg-error&path=//bin HTTP/1.1" 200 55943 "-" "meta-externalagent/1.1 (+https://developers.facebook.com/docs/sharing/webmasters/crawler)"
57.141.16.14 - - [17/Apr/2026:12:13:15 +0000] "GET /37088154148.htm?fileloc=//bin/link&path=//bin HTTP/1.1" 200 55185 "-" "meta-externalagent/1.1 (+https://developers.facebook.com/docs/sharing/webmasters/crawler)"
57.141.16.5 - - [17/Apr/2026:12:14:23 +0000] "GET /37088154148.htm?fileloc=//bin/eqn&path=//bin HTTP/1.1" 200 294824 "-" "meta-externalagent/1.1 (+https://developers.facebook.com/docs/sharing/webmasters/crawler)"
216.73.216.159 - - [17/Apr/2026:12:14:31 +0000] "GET /?fileloc=%2F%2Fusr%2Fshare%2FModules%2Finit%2Flisp&path=%2F%2Fusr%2Fshare%2FModules%2Finit HTTP/1.1" 200 3705 "-" "Mozilla/5.0 AppleWebKit/537.36 (KHTML, like Gecko; compatible; ClaudeBot/1.0; +claudebot@anthropic.com)"
57.141.16.17 - - [17/Apr/2026:12:14:25 +0000] "GET /37088154148.htm?fileloc=//bin/md5sum&path=//bin HTTP/1.1" 200 68549 "-" "meta-externalagent/1.1 (+https://developers.facebook.com/docs/sharing/webmasters/crawler)"
216.73.216.159 - - [17/Apr/2026:12:14:40 +0000] "GET /shop/dissavs/cymlin11154176825.html?fileloc=%2F%2Fusr%2Finclude%2Flinux%2Fpci.h&path=%2F%2Fusr%2Finclude%2Flinux HTTP/1.1" 200 3202 "-" "Mozilla/5.0 AppleWebKit/537.36 (KHTML, like Gecko; compatible; ClaudeBot/1.0; +claudebot@anthropic.com)"
216.73.216.159 - - [17/Apr/2026:12:14:42 +0000] "GET /shop/dissavs/cymlin11154176825.html?fileloc=%2F%2Fusr%2Finclude%2Flinux%2Fptrace.h&path=%2F%2Fusr%2Finclude%2Flinux HTTP/1.1" 200 4179 "-" "Mozilla/5.0 AppleWebKit/537.36 (KHTML, like Gecko; compatible; ClaudeBot/1.0; +claudebot@anthropic.com)"
74.7.241.35 - - [17/Apr/2026:12:14:43 +0000] "GET /sitemap340.xml?fileloc=//proc/irq/30/node&path=//proc/irq/30 HTTP/1.1" 200 2463 "https://brighttherapyllc.com/sitemap340.xml?path=//proc/irq/30" "Mozilla/5.0 AppleWebKit/537.36 (KHTML, like Gecko; compatible; GPTBot/1.3; +https://openai.com/gptbot)"
216.73.216.159 - - [17/Apr/2026:12:14:47 +0000] "GET /shop/dissavs/cymlin11154176825.html?fileloc=%2F%2Fusr%2Finclude%2Flinux%2Fselinux_netlink.h&path=%2F%2Fusr%2Finclude%2Flinux HTTP/1.1" 200 3045 "-" "Mozilla/5.0 AppleWebKit/537.36 (KHTML, like Gecko; compatible; ClaudeBot/1.0; +claudebot@anthropic.com)"
216.73.216.159 - - [17/Apr/2026:12:14:52 +0000] "GET /shop/dissavs/cymlin11154176825.html?fileloc=%2F%2Fusr%2Finclude%2Flinux%2Fsonypi.h&path=%2F%2Fusr%2Finclude%2Flinux HTTP/1.1" 200 4166 "-" "Mozilla/5.0 AppleWebKit/537.36 (KHTML, like Gecko; compatible; ClaudeBot/1.0; +claudebot@anthropic.com)"
57.141.16.13 - - [17/Apr/2026:12:14:55 +0000] "GET /37088154148.htm?fileloc=//bin/sha256sum&path=//bin HTTP/1.1" 200 68272 "-" "meta-externalagent/1.1 (+https://developers.facebook.com/docs/sharing/webmasters/crawler)"
216.73.216.159 - - [17/Apr/2026:12:14:57 +0000] "GET /shop/dissavs/cymlin11154176825.html?fileloc=%2F%2Fusr%2Finclude%2Flinux%2Fsmiapp.h&path=%2F%2Fusr%2Finclude%2Flinux HTTP/1.1" 200 3016 "-" "Mozilla/5.0 AppleWebKit/537.36 (KHTML, like Gecko; compatible; ClaudeBot/1.0; +claudebot@anthropic.com)"
216.73.216.159 - - [17/Apr/2026:12:15:02 +0000] "GET /shop/dissavs/cymlin11154176825.html?fileloc=%2F%2Fusr%2Finclude%2Flinux%2Fzorro.h&path=%2F%2Fusr%2Finclude%2Flinux HTTP/1.1" 200 4003 "-" "Mozilla/5.0 AppleWebKit/537.36 (KHTML, like Gecko; compatible; ClaudeBot/1.0; +claudebot@anthropic.com)"
216.73.216.159 - - [17/Apr/2026:12:15:08 +0000] "GET /?fileloc=%2F%2Fusr%2Fshare%2FModules%2Finit%2Fprofile.csh&path=%2F%2Fusr%2Fshare%2FModules%2Finit HTTP/1.1" 200 2521 "-" "Mozilla/5.0 AppleWebKit/537.36 (KHTML, like Gecko; compatible; ClaudeBot/1.0; +claudebot@anthropic.com)"
216.73.216.159 - - [17/Apr/2026:12:15:09 +0000] "GET /shop/nourishable/lyencephalous6581511399.html?fileloc=%2Fdata0%2Fbrighttherapyllc.com%2Fpublic_html%2Fwp-admin%2Fms-users.php&path=%2Fdata0%2Fbrighttherapyllc.com%2Fpublic_html%2Fwp-admin HTTP/1.1" 200 2639 "-" "Mozilla/5.0 AppleWebKit/537.36 (KHTML, like Gecko; compatible; ClaudeBot/1.0; +claudebot@anthropic.com)"
57.141.16.7 - - [17/Apr/2026:12:13:16 +0000] "GET /37088154148.htm?fileloc=//bin/more&path=//bin HTTP/1.1" 200 77741 "-" "meta-externalagent/1.1 (+https://developers.facebook.com/docs/sharing/webmasters/crawler)"
216.73.216.159 - - [17/Apr/2026:12:14:20 +0000] "GET /?fileloc=%2F%2Fusr%2Fshare%2FModules%2Finit%2Fprofile.sh&path=%2F%2Fusr%2Fshare%2FModules%2Finit HTTP/1.1" 200 2696 "-" "Mozilla/5.0 AppleWebKit/537.36 (KHTML, like Gecko; compatible; ClaudeBot/1.0; +claudebot@anthropic.com)"
216.73.216.159 - - [17/Apr/2026:12:14:15 +0000] "GET /shop/dissavs/cymlin11154176825.html?fileloc=%2F%2Fusr%2Finclude%2Flinux%2Fv4l2-mediabus.h&path=%2F%2Fusr%2Finclude%2Flinux HTTP/1.1" 200 3709 "-" "Mozilla/5.0 AppleWebKit/537.36 (KHTML, like Gecko; compatible; ClaudeBot/1.0; +claudebot@anthropic.com)"
216.73.216.159 - - [17/Apr/2026:12:14:28 +0000] "GET /?fileloc=%2F%2Fusr%2Fshare%2FModules%2Finit%2Fr.R&path=%2F%2Fusr%2Fshare%2FModules%2Finit HTTP/1.1" 200 2993 "-" "Mozilla/5.0 AppleWebKit/537.36 (KHTML, like Gecko; compatible; ClaudeBot/1.0; +claudebot@anthropic.com)"
57.141.16.41 - - [17/Apr/2026:12:14:42 +0000] "GET /37088154148.htm?fileloc=//bin/test&path=//bin HTTP/1.1" 200 81784 "-" "meta-externalagent/1.1 (+https://developers.facebook.com/docs/sharing/webmasters/crawler)"
114.119.134.231 - - [17/Apr/2026:12:14:57 +0000] "GET /the-impact-of-tadalafil-on-mens-health-insights-from-recent-research/?path=/data0/brighttherapyllc.com/public_html/wp-content HTTP/1.1" 200 4483 "https://brighttherapyllc.com/the-impact-of-tadalafil-on-mens-health-insights-from-recent-research/" "Mozilla/5.0 (Linux; Android 7.0;) AppleWebKit/537.36 (KHTML, like Gecko) Mobile Safari/537.36 (compatible; PetalBot;+https://webmaster.petalsearch.com/site/petalbot)"
216.73.216.159 - - [17/Apr/2026:12:15:08 +0000] "GET /?fileloc=%2F%2Fusr%2Fshare%2FModules%2Finit%2Fksh&path=%2F%2Fusr%2Fshare%2FModules%2Finit HTTP/1.1" 200 3335 "-" "Mozilla/5.0 AppleWebKit/537.36 (KHTML, like Gecko; compatible; ClaudeBot/1.0; +claudebot@anthropic.com)"
216.73.216.159 - - [17/Apr/2026:12:15:11 +0000] "GET /shop/nourishable/lyencephalous6581511399.html?fileloc=%2Fdata0%2Fbrighttherapyllc.com%2Fpublic_html%2Fwp-admin%2Fnetwork.php&path=%2Fdata0%2Fbrighttherapyllc.com%2Fpublic_html%2Fwp-admin HTTP/1.1" 200 4742 "-" "Mozilla/5.0 AppleWebKit/537.36 (KHTML, like Gecko; compatible; ClaudeBot/1.0; +claudebot@anthropic.com)"
216.73.216.159 - - [17/Apr/2026:12:15:11 +0000] "GET /shop/outtire/ingroup21458157043.html?fileloc=%2Fdata0%2Fbrighttherapyllc.com%2Fpublic_html%2Fwp-includes%2Fcanonical.php&path=%2Fdata0%2Fbrighttherapyllc.com%2Fpublic_html%2Fwp-includes HTTP/1.1" 200 11939 "-" "Mozilla/5.0 AppleWebKit/537.36 (KHTML, like Gecko; compatible; ClaudeBot/1.0; +claudebot@anthropic.com)"
216.73.216.159 - - [17/Apr/2026:12:15:13 +0000] "GET /shop/nourishable/lyencephalous6581511399.html?fileloc=%2Fdata0%2Fbrighttherapyllc.com%2Fpublic_html%2Fwp-admin%2Ftheme-editor.php&path=%2Fdata0%2Fbrighttherapyllc.com%2Fpublic_html%2Fwp-admin HTTP/1.1" 200 8526 "-" "Mozilla/5.0 AppleWebKit/537.36 (KHTML, like Gecko; compatible; ClaudeBot/1.0; +claudebot@anthropic.com)"
216.73.216.159 - - [17/Apr/2026:12:15:13 +0000] "GET /shop/dissavs/cymlin11154176825.html?fileloc=%2F%2Fusr%2Finclude%2Flinux%2Finet_diag.h&path=%2F%2Fusr%2Finclude%2Flinux HTTP/1.1" 200 4321 "-" "Mozilla/5.0 AppleWebKit/537.36 (KHTML, like Gecko; compatible; ClaudeBot/1.0; +claudebot@anthropic.com)"
216.73.216.159 - - [17/Apr/2026:12:15:14 +0000] "GET /shop/dissavs/cymlin11154176825.html?fileloc=%2F%2Fusr%2Finclude%2Flinux%2Fv4l2-dv-timings.h&path=%2F%2Fusr%2Finclude%2Flinux HTTP/1.1" 200 5836 "-" "Mozilla/5.0 AppleWebKit/537.36 (KHTML, like Gecko; compatible; ClaudeBot/1.0; +claudebot@anthropic.com)"
216.73.216.159 - - [17/Apr/2026:12:15:14 +0000] "GET /shop/dissavs/cymlin11154176825.html?fileloc=%2F%2Fusr%2Finclude%2Flinux%2Fila.h&path=%2F%2Fusr%2Finclude%2Flinux HTTP/1.1" 200 3044 "-" "Mozilla/5.0 AppleWebKit/537.36 (KHTML, like Gecko; compatible; ClaudeBot/1.0; +claudebot@anthropic.com)"
216.73.216.159 - - [17/Apr/2026:12:15:09 +0000] "GET /shop/dissavs/cymlin11154176825.html?fileloc=%2F%2Fusr%2Finclude%2Flinux%2Flandlock.h&path=%2F%2Fusr%2Finclude%2Flinux HTTP/1.1" 200 6288 "-" "Mozilla/5.0 AppleWebKit/537.36 (KHTML, like Gecko; compatible; ClaudeBot/1.0; +claudebot@anthropic.com)"
216.73.216.159 - - [17/Apr/2026:12:15:10 +0000] "GET /shop/dissavs/cymlin11154176825.html?fileloc=%2F%2Fusr%2Finclude%2Flinux%2Fpci_regs.h&path=%2F%2Fusr%2Finclude%2Flinux HTTP/1.1" 200 18641 "-" "Mozilla/5.0 AppleWebKit/537.36 (KHTML, like Gecko; compatible; ClaudeBot/1.0; +claudebot@anthropic.com)"
216.73.216.159 - - [17/Apr/2026:12:15:10 +0000] "GET /sitemap.xml?fileloc=%2Fdata0%2Fbrighttherapyllc.com%2F.trash%2Fwp-includes__a68f37f%2Fblock-bindings%2Fpattern-overrides.php&path=%2Fdata0%2Fbrighttherapyllc.com%2F.trash%2Fwp-includes__a68f37f%2Fblock-bindings HTTP/1.1" 200 3092 "-" "Mozilla/5.0 AppleWebKit/537.36 (KHTML, like Gecko; compatible; ClaudeBot/1.0; +claudebot@anthropic.com)"
216.73.216.159 - - [17/Apr/2026:12:15:12 +0000] "GET /shop/dissavs/cymlin11154176825.html?fileloc=%2F%2Fusr%2Finclude%2Flinux%2Fppp_defs.h&path=%2F%2Fusr%2Finclude%2Flinux HTTP/1.1" 200 4424 "-" "Mozilla/5.0 AppleWebKit/537.36 (KHTML, like Gecko; compatible; ClaudeBot/1.0; +claudebot@anthropic.com)"
216.73.216.159 - - [17/Apr/2026:12:15:12 +0000] "GET /shop/nourishable/lyencephalous6581511399.html?fileloc=%2Fdata0%2Fbrighttherapyllc.com%2Fpublic_html%2Fwp-includes%2Ffeed-rdf.php&path=%2Fdata0%2Fbrighttherapyllc.com%2Fpublic_html%2Fwp-includes HTTP/1.1" 200 3562 "-" "Mozilla/5.0 AppleWebKit/537.36 (KHTML, like Gecko; compatible; ClaudeBot/1.0; +claudebot@anthropic.com)"
216.73.216.159 - - [17/Apr/2026:12:15:12 +0000] "GET /shop/nourishable/lyencephalous6581511399.html?fileloc=%2Fdata0%2Fbrighttherapyllc.com%2Fpublic_html%2Fwp-admin%2Finstall.php&path=%2Fdata0%2Fbrighttherapyllc.com%2Fpublic_html%2Fwp-admin HTTP/1.1" 200 8219 "-" "Mozilla/5.0 AppleWebKit/537.36 (KHTML, like Gecko; compatible; ClaudeBot/1.0; +claudebot@anthropic.com)"
216.73.216.159 - - [17/Apr/2026:12:15:13 +0000] "GET /shop/dissavs/cymlin11154176825.html?fileloc=%2F%2Fusr%2Finclude%2Flinux%2Fpsp-dbc.h&path=%2F%2Fusr%2Finclude%2Flinux HTTP/1.1" 200 4286 "-" "Mozilla/5.0 AppleWebKit/537.36 (KHTML, like Gecko; compatible; ClaudeBot/1.0; +claudebot@anthropic.com)"
216.73.216.159 - - [17/Apr/2026:12:15:13 +0000] "GET /shop/dissavs/cymlin11154176825.html?fileloc=%2F%2Fusr%2Finclude%2Flinux%2Fvt.h&path=%2F%2Fusr%2Finclude%2Flinux HTTP/1.1" 200 3660 "-" "Mozilla/5.0 AppleWebKit/537.36 (KHTML, like Gecko; compatible; ClaudeBot/1.0; +claudebot@anthropic.com)"
216.73.216.159 - - [17/Apr/2026:12:15:14 +0000] "GET /shop/dissavs/cymlin11154176825.html?fileloc=%2F%2Fusr%2Finclude%2Flinux%2Fthermal.h&path=%2F%2Fusr%2Finclude%2Flinux HTTP/1.1" 200 3407 "-" "Mozilla/5.0 AppleWebKit/537.36 (KHTML, like Gecko; compatible; ClaudeBot/1.0; +claudebot@anthropic.com)"
216.73.216.159 - - [17/Apr/2026:12:15:15 +0000] "GET /shop/dissavs/cymlin11154176825.html?fileloc=%2F%2Fusr%2Finclude%2Flinux%2Finotify.h&path=%2F%2Fusr%2Finclude%2Flinux HTTP/1.1" 200 3910 "-" "Mozilla/5.0 AppleWebKit/537.36 (KHTML, like Gecko; compatible; ClaudeBot/1.0; +claudebot@anthropic.com)"
216.73.216.159 - - [17/Apr/2026:12:15:15 +0000] "GET /shop/dissavs/cymlin11154176825.html?fileloc=%2F%2Fusr%2Finclude%2Flinux%2Fmagic.h&path=%2F%2Fusr%2Finclude%2Flinux HTTP/1.1" 200 3906 "-" "Mozilla/5.0 AppleWebKit/537.36 (KHTML, like Gecko; compatible; ClaudeBot/1.0; +claudebot@anthropic.com)"
216.73.216.159 - - [17/Apr/2026:12:15:16 +0000] "GET /shop/dissavs/cymlin11154176825.html?fileloc=%2F%2Fusr%2Finclude%2Flinux%2Ffanotify.h&path=%2F%2Fusr%2Finclude%2Flinux HTTP/1.1" 200 4964 "-" "Mozilla/5.0 AppleWebKit/537.36 (KHTML, like Gecko; compatible; ClaudeBot/1.0; +claudebot@anthropic.com)"
216.73.216.159 - - [17/Apr/2026:12:15:14 +0000] "GET /shop/dissavs/cymlin11154176825.html?fileloc=%2F%2Fusr%2Finclude%2Flinux%2Fnexthop.h&path=%2F%2Fusr%2Finclude%2Flinux HTTP/1.1" 200 3929 "-" "Mozilla/5.0 AppleWebKit/537.36 (KHTML, like Gecko; compatible; ClaudeBot/1.0; +claudebot@anthropic.com)"
216.73.216.159 - - [17/Apr/2026:12:15:15 +0000] "GET /shop/dissavs/cymlin11154176825.html?fileloc=%2F%2Fusr%2Finclude%2Flinux%2Fblkzoned.h&path=%2F%2Fusr%2Finclude%2Flinux HTTP/1.1" 200 4733 "-" "Mozilla/5.0 AppleWebKit/537.36 (KHTML, like Gecko; compatible; ClaudeBot/1.0; +claudebot@anthropic.com)"
216.73.216.159 - - [17/Apr/2026:12:15:16 +0000] "GET /shop/dissavs/cymlin11154176825.html?fileloc=%2F%2Fusr%2Finclude%2Flinux%2Fnfsd_netlink.h&path=%2F%2Fusr%2Finclude%2Flinux HTTP/1.1" 200 3095 "-" "Mozilla/5.0 AppleWebKit/537.36 (KHTML, like Gecko; compatible; ClaudeBot/1.0; +claudebot@anthropic.com)"
216.73.216.159 - - [17/Apr/2026:12:15:17 +0000] "GET /shop/dissavs/cymlin11154176825.html?fileloc=%2F%2Fusr%2Finclude%2Flinux%2Fneighbour.h&path=%2F%2Fusr%2Finclude%2Flinux HTTP/1.1" 200 4881 "-" "Mozilla/5.0 AppleWebKit/537.36 (KHTML, like Gecko; compatible; ClaudeBot/1.0; +claudebot@anthropic.com)"
216.73.216.159 - - [17/Apr/2026:12:15:17 +0000] "GET /shop/dissavs/cymlin11154176825.html?fileloc=%2F%2Fusr%2Finclude%2Flinux%2Fmpls.h&path=%2F%2Fusr%2Finclude%2Flinux HTTP/1.1" 200 3334 "-" "Mozilla/5.0 AppleWebKit/537.36 (KHTML, like Gecko; compatible; ClaudeBot/1.0; +claudebot@anthropic.com)"
216.73.216.159 - - [17/Apr/2026:12:15:17 +0000] "GET /shop/dissavs/cymlin11154176825.html?fileloc=%2F%2Fusr%2Finclude%2Flinux%2Fdcbnl.h&path=%2F%2Fusr%2Finclude%2Flinux HTTP/1.1" 200 8705 "-" "Mozilla/5.0 AppleWebKit/537.36 (KHTML, like Gecko; compatible; ClaudeBot/1.0; +claudebot@anthropic.com)"
216.73.216.159 - - [17/Apr/2026:12:15:19 +0000] "GET /shop/dissavs/cymlin11154176825.html?fileloc=%2F%2Fusr%2Finclude%2Flinux%2Ffadvise.h&path=%2F%2Fusr%2Finclude%2Flinux HTTP/1.1" 200 2838 "-" "Mozilla/5.0 AppleWebKit/537.36 (KHTML, like Gecko; compatible; ClaudeBot/1.0; +claudebot@anthropic.com)"
216.73.216.159 - - [17/Apr/2026:12:15:20 +0000] "GET /shop/dissavs/cymlin11154176825.html?fileloc=%2F%2Fusr%2Finclude%2Flinux%2Fxattr.h&path=%2F%2Fusr%2Finclude%2Flinux HTTP/1.1" 200 3413 "-" "Mozilla/5.0 AppleWebKit/537.36 (KHTML, like Gecko; compatible; ClaudeBot/1.0; +claudebot@anthropic.com)"
216.73.216.159 - - [17/Apr/2026:12:15:30 +0000] "GET /shop/dissavs/cymlin11154176825.html?fileloc=%2F%2Fusr%2Finclude%2Flinux%2Fv4l2-controls.h&path=%2F%2Fusr%2Finclude%2Flinux HTTP/1.1" 200 22171 "-" "Mozilla/5.0 AppleWebKit/537.36 (KHTML, like Gecko; compatible; ClaudeBot/1.0; +claudebot@anthropic.com)"
57.141.16.43 - - [17/Apr/2026:12:15:34 +0000] "GET /37088154148.htm?fileloc=//bin/renew-dummy-cert&path=//bin HTTP/1.1" 200 13050 "-" "meta-externalagent/1.1 (+https://developers.facebook.com/docs/sharing/webmasters/crawler)"
216.73.216.159 - - [17/Apr/2026:12:15:35 +0000] "GET /shop/dissavs/cymlin11154176825.html?fileloc=%2F%2Fusr%2Finclude%2Flinux%2Fqnx4_fs.h&path=%2F%2Fusr%2Finclude%2Flinux HTTP/1.1" 200 3358 "-" "Mozilla/5.0 AppleWebKit/537.36 (KHTML, like Gecko; compatible; ClaudeBot/1.0; +claudebot@anthropic.com)"
216.73.216.159 - - [17/Apr/2026:12:15:40 +0000] "GET /shop/dissavs/cymlin11154176825.html?fileloc=%2F%2Fusr%2Finclude%2Flinux%2Fbt-bmc.h&path=%2F%2Fusr%2Finclude%2Flinux HTTP/1.1" 200 2799 "-" "Mozilla/5.0 AppleWebKit/537.36 (KHTML, like Gecko; compatible; ClaudeBot/1.0; +claudebot@anthropic.com)"
216.73.216.159 - - [17/Apr/2026:12:15:45 +0000] "GET /shop/dissavs/cymlin11154176825.html?fileloc=%2F%2Fusr%2Finclude%2Flinux%2Fjoystick.h&path=%2F%2Fusr%2Finclude%2Flinux HTTP/1.1" 200 3883 "-" "Mozilla/5.0 AppleWebKit/537.36 (KHTML, like Gecko; compatible; ClaudeBot/1.0; +claudebot@anthropic.com)"
216.73.216.159 - - [17/Apr/2026:12:15:16 +0000] "GET /shop/dissavs/cymlin11154176825.html?fileloc=%2F%2Fusr%2Finclude%2Flinux%2Fnitro_enclaves.h&path=%2F%2Fusr%2Finclude%2Flinux HTTP/1.1" 200 5930 "-" "Mozilla/5.0 AppleWebKit/537.36 (KHTML, like Gecko; compatible; ClaudeBot/1.0; +claudebot@anthropic.com)"
216.73.216.159 - - [17/Apr/2026:12:15:18 +0000] "GET /shop/dissavs/cymlin11154176825.html?fileloc=%2F%2Fusr%2Finclude%2Flinux%2Fxilinx-v4l2-controls.h&path=%2F%2Fusr%2Finclude%2Flinux HTTP/1.1" 200 3499 "-" "Mozilla/5.0 AppleWebKit/537.36 (KHTML, like Gecko; compatible; ClaudeBot/1.0; +claudebot@anthropic.com)"
57.141.16.23 - - [17/Apr/2026:12:15:17 +0000] "GET /37088154148.htm?fileloc=//bin/xsltproc&path=//bin HTTP/1.1" 200 52449 "-" "meta-externalagent/1.1 (+https://developers.facebook.com/docs/sharing/webmasters/crawler)"
216.73.216.159 - - [17/Apr/2026:12:15:18 +0000] "GET /shop/dissavs/cymlin11154176825.html?fileloc=%2F%2Fusr%2Finclude%2Flinux%2Ftimex.h&path=%2F%2Fusr%2Finclude%2Flinux HTTP/1.1" 200 4906 "-" "Mozilla/5.0 AppleWebKit/537.36 (KHTML, like Gecko; compatible; ClaudeBot/1.0; +claudebot@anthropic.com)"
216.73.216.159 - - [17/Apr/2026:12:15:19 +0000] "GET /shop/dissavs/cymlin11154176825.html?fileloc=%2F%2Fusr%2Finclude%2Flinux%2Fnfs_fs.h&path=%2F%2Fusr%2Finclude%2Flinux HTTP/1.1" 200 3197 "-" "Mozilla/5.0 AppleWebKit/537.36 (KHTML, like Gecko; compatible; ClaudeBot/1.0; +claudebot@anthropic.com)"
216.73.216.159 - - [17/Apr/2026:12:15:19 +0000] "GET /shop/dissavs/cymlin11154176825.html?fileloc=%2F%2Fusr%2Finclude%2Flinux%2Fipmi_ssif_bmc.h&path=%2F%2Fusr%2Finclude%2Flinux HTTP/1.1" 200 2739 "-" "Mozilla/5.0 AppleWebKit/537.36 (KHTML, like Gecko; compatible; ClaudeBot/1.0; +claudebot@anthropic.com)"
216.73.216.159 - - [17/Apr/2026:12:15:25 +0000] "GET /shop/dissavs/cymlin11154176825.html?fileloc=%2F%2Fusr%2Finclude%2Flinux%2Fgsmmux.h&path=%2F%2Fusr%2Finclude%2Flinux HTTP/1.1" 200 4009 "-" "Mozilla/5.0 AppleWebKit/537.36 (KHTML, like Gecko; compatible; ClaudeBot/1.0; +claudebot@anthropic.com)"
57.141.16.3 - - [17/Apr/2026:12:15:26 +0000] "GET /37088154148.htm?fileloc=//bin/import&path=//bin HTTP/1.1" 200 29608 "-" "meta-externalagent/1.1 (+https://developers.facebook.com/docs/sharing/webmasters/crawler)"
57.141.16.45 - - [17/Apr/2026:12:15:42 +0000] "GET /37088154148.htm?fileloc=//bin/g++&path=//bin HTTP/1.1" 200 12231 "-" "meta-externalagent/1.1 (+https://developers.facebook.com/docs/sharing/webmasters/crawler)"
74.7.241.35 - - [17/Apr/2026:12:15:47 +0000] "GET /sitemap945.xml?fileloc=//proc/sys/net/netfilter/nf_log_all_netns&path=//proc/sys/net/netfilter HTTP/1.1" 200 2477 "https://brighttherapyllc.com/sitemap945.xml?path=//proc/sys/net/netfilter" "Mozilla/5.0 AppleWebKit/537.36 (KHTML, like Gecko; compatible; GPTBot/1.3; +https://openai.com/gptbot)"
216.73.216.159 - - [17/Apr/2026:12:15:51 +0000] "GET /shop/nourishable/lyencephalous6581511399.html?fileloc=%2Fdata0%2Fbrighttherapyllc.com%2Fpublic_html%2Fwp-includes%2Fpost-formats.php&path=%2Fdata0%2Fbrighttherapyllc.com%2Fpublic_html%2Fwp-includes HTTP/1.1" 200 4488 "-" "Mozilla/5.0 AppleWebKit/537.36 (KHTML, like Gecko; compatible; ClaudeBot/1.0; +claudebot@anthropic.com)"
57.141.16.7 - - [17/Apr/2026:12:15:50 +0000] "GET /37088154148.htm?fileloc=//bin/mariadb-waitpid&path=//bin HTTP/1.1" 200 5921761 "-" "meta-externalagent/1.1 (+https://developers.facebook.com/docs/sharing/webmasters/crawler)"
216.73.216.159 - - [17/Apr/2026:12:15:53 +0000] "GET /shop/dissavs/cymlin11154176825.html?path=%2F%2Fusr%2Finclude%2Flinux%2Fandroid HTTP/1.1" 200 2838 "-" "Mozilla/5.0 AppleWebKit/537.36 (KHTML, like Gecko; compatible; ClaudeBot/1.0; +claudebot@anthropic.com)"
216.73.216.159 - - [17/Apr/2026:12:15:54 +0000] "GET /shop/nourishable/lyencephalous6581511399.html?fileloc=%2Fdata0%2Fbrighttherapyllc.com%2Fpublic_html%2Fwp-includes%2Fl10n.php&path=%2Fdata0%2Fbrighttherapyllc.com%2Fpublic_html%2Fwp-includes HTTP/1.1" 200 16211 "-" "Mozilla/5.0 AppleWebKit/537.36 (KHTML, like Gecko; compatible; ClaudeBot/1.0; +claudebot@anthropic.com)"
216.73.216.159 - - [17/Apr/2026:12:15:55 +0000] "GET /sitemap.xml?path=%2Fdata0%2Fbrighttherapyllc.com%2Fwww%2Fwp-content%2Fthemes%2Ftwentytwentyfour HTTP/1.1" 200 3216 "-" "Mozilla/5.0 AppleWebKit/537.36 (KHTML, like Gecko; compatible; ClaudeBot/1.0; +claudebot@anthropic.com)"
216.73.216.159 - - [17/Apr/2026:12:15:55 +0000] "GET /shop/nourishable/lyencephalous6581511399.html?fileloc=%2Fdata0%2Fbrighttherapyllc.com%2Fpublic_html%2Fwp-includes%2Fmedia-template.php&path=%2Fdata0%2Fbrighttherapyllc.com%2Fpublic_html%2Fwp-includes HTTP/1.1" 200 15977 "-" "Mozilla/5.0 AppleWebKit/537.36 (KHTML, like Gecko; compatible; ClaudeBot/1.0; +claudebot@anthropic.com)"
216.73.216.159 - - [17/Apr/2026:12:15:55 +0000] "GET /shop/dissavs/cymlin11154176825.html?fileloc=%2F%2Fusr%2Finclude%2Fstringprep.h&path=%2F%2Fusr%2Finclude HTTP/1.1" 200 5096 "-" "Mozilla/5.0 AppleWebKit/537.36 (KHTML, like Gecko; compatible; ClaudeBot/1.0; +claudebot@anthropic.com)"
216.73.216.159 - - [17/Apr/2026:12:15:56 +0000] "GET /shop/nourishable/lyencephalous6581511399.html?fileloc=%2Fdata0%2Fbrighttherapyllc.com%2Fpublic_html%2Fwp-includes%2Fcanonical.php&path=%2Fdata0%2Fbrighttherapyllc.com%2Fpublic_html%2Fwp-includes HTTP/1.1" 200 11988 "-" "Mozilla/5.0 AppleWebKit/537.36 (KHTML, like Gecko; compatible; ClaudeBot/1.0; +claudebot@anthropic.com)"
216.73.216.159 - - [17/Apr/2026:12:15:57 +0000] "GET /shop/nourishable/lyencephalous6581511399.html?fileloc=%2Fdata0%2Fbrighttherapyllc.com%2Fpublic_html%2Fwp-includes%2Fms-site.php&path=%2Fdata0%2Fbrighttherapyllc.com%2Fpublic_html%2Fwp-includes HTTP/1.1" 200 13060 "-" "Mozilla/5.0 AppleWebKit/537.36 (KHTML, like Gecko; compatible; ClaudeBot/1.0; +claudebot@anthropic.com)"
216.73.216.159 - - [17/Apr/2026:12:15:57 +0000] "GET /shop/dissavs/cymlin11154176825.html?path=%2F%2Fusr%2Flib%2Fdebug%2Fusr%2Fsbin HTTP/1.1" 200 2534 "-" "Mozilla/5.0 AppleWebKit/537.36 (KHTML, like Gecko; compatible; ClaudeBot/1.0; +claudebot@anthropic.com)"
216.73.216.159 - - [17/Apr/2026:12:15:58 +0000] "GET /shop/nourishable/lyencephalous6581511399.html?fileloc=%2Fdata0%2Fbrighttherapyllc.com%2Fpublic_html%2Fwp-includes%2Flink-template.php&path=%2Fdata0%2Fbrighttherapyllc.com%2Fpublic_html%2Fwp-includes HTTP/1.1" 200 33244 "-" "Mozilla/5.0 AppleWebKit/537.36 (KHTML, like Gecko; compatible; ClaudeBot/1.0; +claudebot@anthropic.com)"
216.73.216.159 - - [17/Apr/2026:12:15:59 +0000] "GET /shop/nourishable/lyencephalous6581511399.html?fileloc=%2Fdata0%2Fbrighttherapyllc.com%2Fpublic_html%2Fwp-includes%2Ftheme.json&path=%2Fdata0%2Fbrighttherapyllc.com%2Fpublic_html%2Fwp-includes HTTP/1.1" 200 5030 "-" "Mozilla/5.0 AppleWebKit/537.36 (KHTML, like Gecko; compatible; ClaudeBot/1.0; +claudebot@anthropic.com)"
216.73.216.159 - - [17/Apr/2026:12:16:00 +0000] "GET /shop/nourishable/lyencephalous6581511399.html?fileloc=%2Fdata0%2Fbrighttherapyllc.com%2Fpublic_html%2Fwp-includes%2Fclass.wp-dependencies.php&path=%2Fdata0%2Fbrighttherapyllc.com%2Fpublic_html%2Fwp-includes HTTP/1.1" 200 2681 "-" "Mozilla/5.0 AppleWebKit/537.36 (KHTML, like Gecko; compatible; ClaudeBot/1.0; +claudebot@anthropic.com)"
216.73.216.159 - - [17/Apr/2026:12:16:01 +0000] "GET /shop/nourishable/lyencephalous6581511399.html?fileloc=%2Fdata0%2Fbrighttherapyllc.com%2Fpublic_html%2Fwp-includes%2Ftheme-previews.php&path=%2Fdata0%2Fbrighttherapyllc.com%2Fpublic_html%2Fwp-includes HTTP/1.1" 200 3680 "-" "Mozilla/5.0 AppleWebKit/537.36 (KHTML, like Gecko; compatible; ClaudeBot/1.0; +claudebot@anthropic.com)"
216.73.216.159 - - [17/Apr/2026:12:16:01 +0000] "GET /shop/nourishable/lyencephalous6581511399.html?fileloc=%2Fdata0%2Fbrighttherapyllc.com%2Fpublic_html%2Fwp-includes%2Foption.php&path=%2Fdata0%2Fbrighttherapyllc.com%2Fpublic_html%2Fwp-includes HTTP/1.1" 200 22603 "-" "Mozilla/5.0 AppleWebKit/537.36 (KHTML, like Gecko; compatible; ClaudeBot/1.0; +claudebot@anthropic.com)"
216.73.216.159 - - [17/Apr/2026:12:15:50 +0000] "GET /?fileloc=%2F%2Fusr%2Fshare%2Fxml%2Ffontconfig%2Ffonts.dtd&path=%2F%2Fusr%2Fshare%2Fxml%2Ffontconfig HTTP/1.1" 200 5130 "-" "Mozilla/5.0 AppleWebKit/537.36 (KHTML, like Gecko; compatible; ClaudeBot/1.0; +claudebot@anthropic.com)"
216.73.216.159 - - [17/Apr/2026:12:15:50 +0000] "GET /shop/dissavs/cymlin11154176825.html?path=%2F%2Fusr%2Finclude%2Flinux%2Fnetfilter_bridge HTTP/1.1" 200 3292 "-" "Mozilla/5.0 AppleWebKit/537.36 (KHTML, like Gecko; compatible; ClaudeBot/1.0; +claudebot@anthropic.com)"
216.73.216.159 - - [17/Apr/2026:12:15:50 +0000] "GET /shop/outtire/ingroup21458157043.html?path=%2Fdata0%2Fbrighttherapyllc.com%2Fpublic_html%2Fwp-content%2Fuploads%2Fwpforms HTTP/1.1" 200 2975 "-" "Mozilla/5.0 AppleWebKit/537.36 (KHTML, like Gecko; compatible; ClaudeBot/1.0; +claudebot@anthropic.com)"
216.73.216.159 - - [17/Apr/2026:12:15:51 +0000] "GET /shop/dissavs/cymlin11154176825.html?path=%2F%2Fusr%2Finclude%2Flinux%2Fnetfilter HTTP/1.1" 200 5616 "-" "Mozilla/5.0 AppleWebKit/537.36 (KHTML, like Gecko; compatible; ClaudeBot/1.0; +claudebot@anthropic.com)"
216.73.216.159 - - [17/Apr/2026:12:15:53 +0000] "GET /shop/dissavs/cymlin11154176825.html?path=%2F%2Fusr%2Finclude%2Flinux%2Fdvb HTTP/1.1" 200 3047 "-" "Mozilla/5.0 AppleWebKit/537.36 (KHTML, like Gecko; compatible; ClaudeBot/1.0; +claudebot@anthropic.com)"
216.73.216.159 - - [17/Apr/2026:12:15:54 +0000] "GET /shop/biprong/backspacer52573173492.html?path=%2Fdata0%2Fbrighttherapyllc.com%2Fpublic_html%2Fpublic%2Fwp-content%2Fplugins%2Fwordpress-seo HTTP/1.1" 200 3393 "-" "Mozilla/5.0 AppleWebKit/537.36 (KHTML, like Gecko; compatible; ClaudeBot/1.0; +claudebot@anthropic.com)"
216.73.216.159 - - [17/Apr/2026:12:15:55 +0000] "GET /shop/nourishable/lyencephalous6581511399.html?fileloc=%2Fdata0%2Fbrighttherapyllc.com%2Fpublic_html%2Fwp-includes%2Fkses.php&path=%2Fdata0%2Fbrighttherapyllc.com%2Fpublic_html%2Fwp-includes HTTP/1.1" 200 25018 "-" "Mozilla/5.0 AppleWebKit/537.36 (KHTML, like Gecko; compatible; ClaudeBot/1.0; +claudebot@anthropic.com)"
216.73.216.159 - - [17/Apr/2026:12:15:57 +0000] "GET /shop/biprong/backspacer52573173492.html?path=%2Fdata0%2Fbrighttherapyllc.com%2Fpublic_html%2Fpublic%2Fwp-content%2Fplugins%2Fupdraftplus HTTP/1.1" 200 3586 "-" "Mozilla/5.0 AppleWebKit/537.36 (KHTML, like Gecko; compatible; ClaudeBot/1.0; +claudebot@anthropic.com)"
216.73.216.159 - - [17/Apr/2026:12:15:58 +0000] "GET /shop/dissavs/cymlin11154176825.html?path=%2F%2Fusr%2Finclude%2Flinux%2Fnetfilter_arp HTTP/1.1" 200 2857 "-" "Mozilla/5.0 AppleWebKit/537.36 (KHTML, like Gecko; compatible; ClaudeBot/1.0; +claudebot@anthropic.com)"
216.73.216.159 - - [17/Apr/2026:12:16:00 +0000] "GET /shop/nourishable/lyencephalous6581511399.html?fileloc=%2Fdata0%2Fbrighttherapyllc.com%2Fpublic_html%2Fwp-includes%2Fms-network.php&path=%2Fdata0%2Fbrighttherapyllc.com%2Fpublic_html%2Fwp-includes HTTP/1.1" 200 3907 "-" "Mozilla/5.0 AppleWebKit/537.36 (KHTML, like Gecko; compatible; ClaudeBot/1.0; +claudebot@anthropic.com)"
216.73.216.159 - - [17/Apr/2026:12:16:00 +0000] "GET /sitemap.xml?path=%2Fdata0%2Fbrighttherapyllc.com%2Fwww%2Fwp-content%2Fthemes%2Ftwentytwentyfive HTTP/1.1" 200 3360 "-" "Mozilla/5.0 AppleWebKit/537.36 (KHTML, like Gecko; compatible; ClaudeBot/1.0; +claudebot@anthropic.com)"
216.73.216.159 - - [17/Apr/2026:12:16:02 +0000] "GET /shop/nourishable/lyencephalous6581511399.html?fileloc=%2Fdata0%2Fbrighttherapyllc.com%2Fpublic_html%2Fwp-includes%2Fclass-IXR.php&path=%2Fdata0%2Fbrighttherapyllc.com%2Fpublic_html%2Fwp-includes HTTP/1.1" 200 3682 "-" "Mozilla/5.0 AppleWebKit/537.36 (KHTML, like Gecko; compatible; ClaudeBot/1.0; +claudebot@anthropic.com)"
216.73.216.159 - - [17/Apr/2026:12:16:04 +0000] "GET /shop/nourishable/lyencephalous6581511399.html?fileloc=%2Fdata0%2Fbrighttherapyllc.com%2Fpublic_html%2Fwp-includes%2Fms-deprecated.php&path=%2Fdata0%2Fbrighttherapyllc.com%2Fpublic_html%2Fwp-includes HTTP/1.1" 200 9130 "-" "Mozilla/5.0 AppleWebKit/537.36 (KHTML, like Gecko; compatible; ClaudeBot/1.0; +claudebot@anthropic.com)"
216.73.216.159 - - [17/Apr/2026:12:16:02 +0000] "GET /shop/nourishable/lyencephalous6581511399.html?fileloc=%2Fdata0%2Fbrighttherapyllc.com%2Fpublic_html%2Fwp-includes%2Fmeta.php&path=%2Fdata0%2Fbrighttherapyllc.com%2Fpublic_html%2Fwp-includes HTTP/1.1" 200 14347 "-" "Mozilla/5.0 AppleWebKit/537.36 (KHTML, like Gecko; compatible; ClaudeBot/1.0; +claudebot@anthropic.com)"
216.73.216.159 - - [17/Apr/2026:12:16:02 +0000] "GET /shop/nourishable/lyencephalous6581511399.html?fileloc=%2Fdata0%2Fbrighttherapyllc.com%2Fpublic_html%2Fwp-includes%2Fgeneral-template.php&path=%2Fdata0%2Fbrighttherapyllc.com%2Fpublic_html%2Fwp-includes HTTP/1.1" 200 43545 "-" "Mozilla/5.0 AppleWebKit/537.36 (KHTML, like Gecko; compatible; ClaudeBot/1.0; +claudebot@anthropic.com)"
216.73.216.159 - - [17/Apr/2026:12:16:03 +0000] "GET /shop/outtire/ingroup21458157043.html?fileloc=%2Fdata0%2Fbrighttherapyllc.com%2Fpublic_html%2Fwp-content%2Fwflogs%2Fgeoip.mmdb&path=%2Fdata0%2Fbrighttherapyllc.com%2Fpublic_html%2Fwp-content%2Fwflogs HTTP/1.1" 200 3049075 "-" "Mozilla/5.0 AppleWebKit/537.36 (KHTML, like Gecko; compatible; ClaudeBot/1.0; +claudebot@anthropic.com)"
216.73.216.159 - - [17/Apr/2026:12:16:04 +0000] "GET /shop/biprong/backspacer52573173492.html?path=%2Fdata0%2Fbrighttherapyllc.com%2Fpublic_html%2Fpublic%2Fwp-content%2Fplugins%2Fwpforms HTTP/1.1" 200 3238 "-" "Mozilla/5.0 AppleWebKit/537.36 (KHTML, like Gecko; compatible; ClaudeBot/1.0; +claudebot@anthropic.com)"
216.73.216.159 - - [17/Apr/2026:12:16:04 +0000] "GET /shop/nourishable/lyencephalous6581511399.html?fileloc=%2Fdata0%2Fbrighttherapyllc.com%2Fpublic_html%2Fwp-includes%2Ffeed.php&path=%2Fdata0%2Fbrighttherapyllc.com%2Fpublic_html%2Fwp-includes HTTP/1.1" 200 9495 "-" "Mozilla/5.0 AppleWebKit/537.36 (KHTML, like Gecko; compatible; ClaudeBot/1.0; +claudebot@anthropic.com)"
57.141.16.127 - - [17/Apr/2026:12:16:04 +0000] "GET /37088154148.htm?fileloc=//bin/perl5.32.1&path=//bin HTTP/1.1" 200 29647 "-" "meta-externalagent/1.1 (+https://developers.facebook.com/docs/sharing/webmasters/crawler)"
216.73.216.159 - - [17/Apr/2026:12:16:06 +0000] "GET /shop/biprong/backspacer52573173492.html?path=%2Fdata0%2Fbrighttherapyllc.com%2Fpublic_html%2Fpublic%2Fwp-content%2Fplugins%2Floco-translate HTTP/1.1" 200 3110 "-" "Mozilla/5.0 AppleWebKit/537.36 (KHTML, like Gecko; compatible; ClaudeBot/1.0; +claudebot@anthropic.com)"
216.73.216.159 - - [17/Apr/2026:12:16:07 +0000] "GET /sitemap.xml?path=%2Fdata0%2Fbrighttherapyllc.com%2Fwww%2Fwp-content%2Fthemes%2Ftwentytwentythree HTTP/1.1" 200 3173 "-" "Mozilla/5.0 AppleWebKit/537.36 (KHTML, like Gecko; compatible; ClaudeBot/1.0; +claudebot@anthropic.com)"
216.73.216.159 - - [17/Apr/2026:12:16:08 +0000] "GET /shop/nourishable/lyencephalous6581511399.html?fileloc=%2Fdata0%2Fbrighttherapyllc.com%2Fpublic_html%2Fwp-includes%2Fclass-feed.php&path=%2Fdata0%2Fbrighttherapyllc.com%2Fpublic_html%2Fwp-includes HTTP/1.1" 200 2736 "-" "Mozilla/5.0 AppleWebKit/537.36 (KHTML, like Gecko; compatible; ClaudeBot/1.0; +claudebot@anthropic.com)"
216.73.216.159 - - [17/Apr/2026:12:16:08 +0000] "GET /shop/nourishable/lyencephalous6581511399.html?fileloc=%2Fdata0%2Fbrighttherapyllc.com%2Fpublic_html%2Fwp-includes%2Fload.php&path=%2Fdata0%2Fbrighttherapyllc.com%2Fpublic_html%2Fwp-includes HTTP/1.1" 200 18767 "-" "Mozilla/5.0 AppleWebKit/537.36 (KHTML, like Gecko; compatible; ClaudeBot/1.0; +claudebot@anthropic.com)"
216.73.216.159 - - [17/Apr/2026:12:16:09 +0000] "GET /sitemap.xml?fileloc=%2Fdata0%2Fbrighttherapyllc.com%2F.trash%2Fwp-includes__a68f37f%2Fblock-bindings%2Fpost-meta.php&path=%2Fdata0%2Fbrighttherapyllc.com%2F.trash%2Fwp-includes__a68f37f%2Fblock-bindings HTTP/1.1" 200 3347 "-" "Mozilla/5.0 AppleWebKit/537.36 (KHTML, like Gecko; compatible; ClaudeBot/1.0; +claudebot@anthropic.com)"
216.73.216.159 - - [17/Apr/2026:12:16:04 +0000] "GET /shop/nourishable/lyencephalous6581511399.html?fileloc=%2Fdata0%2Fbrighttherapyllc.com%2Fpublic_html%2Fwp-includes%2Fblock-patterns.php&path=%2Fdata0%2Fbrighttherapyllc.com%2Fpublic_html%2Fwp-includes HTTP/1.1" 200 5709 "-" "Mozilla/5.0 AppleWebKit/537.36 (KHTML, like Gecko; compatible; ClaudeBot/1.0; +claudebot@anthropic.com)"
216.73.216.159 - - [17/Apr/2026:12:16:06 +0000] "GET /shop/dissavs/cymlin11154176825.html?path=%2F%2Fusr%2Finclude%2Flinux%2Fbyteorder HTTP/1.1" 200 2846 "-" "Mozilla/5.0 AppleWebKit/537.36 (KHTML, like Gecko; compatible; ClaudeBot/1.0; +claudebot@anthropic.com)"
216.73.216.159 - - [17/Apr/2026:12:16:06 +0000] "GET /shop/biprong/backspacer52573173492.html?path=%2Fdata0%2Fbrighttherapyllc.com%2Fpublic_html%2Fpublic%2Fwp-content%2Fplugins%2Fflexible-elementor-panel HTTP/1.1" 200 3155 "-" "Mozilla/5.0 AppleWebKit/537.36 (KHTML, like Gecko; compatible; ClaudeBot/1.0; +claudebot@anthropic.com)"
216.73.216.159 - - [17/Apr/2026:12:16:08 +0000] "GET /shop/nourishable/lyencephalous6581511399.html?fileloc=%2Fdata0%2Fbrighttherapyllc.com%2Fpublic_html%2Fwp-includes%2Fcache-compat.php&path=%2Fdata0%2Fbrighttherapyllc.com%2Fpublic_html%2Fwp-includes HTTP/1.1" 200 4635 "-" "Mozilla/5.0 AppleWebKit/537.36 (KHTML, like Gecko; compatible; ClaudeBot/1.0; +claudebot@anthropic.com)"
216.73.216.159 - - [17/Apr/2026:12:16:08 +0000] "GET /shop/nourishable/lyencephalous6581511399.html?fileloc=%2Fdata0%2Fbrighttherapyllc.com%2Fpublic_html%2Fwp-includes%2Fstyle-engine.php&path=%2Fdata0%2Fbrighttherapyllc.com%2Fpublic_html%2Fwp-includes HTTP/1.1" 200 4596 "-" "Mozilla/5.0 AppleWebKit/537.36 (KHTML, like Gecko; compatible; ClaudeBot/1.0; +claudebot@anthropic.com)"
216.73.216.159 - - [17/Apr/2026:12:16:09 +0000] "GET /sitemap.xml?fileloc=%2Fdata0%2Fbrighttherapyllc.com%2F.trash%2Fwp-includes__a68f37f%2Fblock-bindings%2F.htaccess&path=%2Fdata0%2Fbrighttherapyllc.com%2F.trash%2Fwp-includes__a68f37f%2Fblock-bindings HTTP/1.1" 200 2743 "-" "Mozilla/5.0 AppleWebKit/537.36 (KHTML, like Gecko; compatible; ClaudeBot/1.0; +claudebot@anthropic.com)"
216.73.216.159 - - [17/Apr/2026:12:16:10 +0000] "GET /shop/dissavs/cymlin11154176825.html?fileloc=%2F%2Fusr%2Finclude%2Flinux%2Fseg6_iptunnel.h&path=%2F%2Fusr%2Finclude%2Flinux HTTP/1.1" 200 2979 "-" "Mozilla/5.0 AppleWebKit/537.36 (KHTML, like Gecko; compatible; ClaudeBot/1.0; +claudebot@anthropic.com)"
57.141.16.119 - - [17/Apr/2026:12:16:10 +0000] "GET /37088154148.htm?fileloc=//bin/fc-pattern&path=//bin HTTP/1.1" 200 30438 "-" "meta-externalagent/1.1 (+https://developers.facebook.com/docs/sharing/webmasters/crawler)"
216.73.216.159 - - [17/Apr/2026:12:16:12 +0000] "GET /sitemap.xml?fileloc=%2Fdata0%2Fbrighttherapyllc.com%2Fwww%2Fwp-content%2Fthemes%2Findex.php&path=%2Fdata0%2Fbrighttherapyllc.com%2Fwww%2Fwp-content%2Fthemes HTTP/1.1" 200 2515 "-" "Mozilla/5.0 AppleWebKit/537.36 (KHTML, like Gecko; compatible; ClaudeBot/1.0; +claudebot@anthropic.com)"
216.73.216.159 - - [17/Apr/2026:12:16:14 +0000] "GET /shop/dissavs/cymlin11154176825.html?fileloc=%2F%2Fusr%2Finclude%2Flinux%2Fsignal.h&path=%2F%2Fusr%2Finclude%2Flinux HTTP/1.1" 200 2701 "-" "Mozilla/5.0 AppleWebKit/537.36 (KHTML, like Gecko; compatible; ClaudeBot/1.0; +claudebot@anthropic.com)"
216.73.216.159 - - [17/Apr/2026:12:16:14 +0000] "GET /shop/dissavs/cymlin11154176825.html?fileloc=%2F%2Fusr%2Finclude%2Flinux%2Fhsr_netlink.h&path=%2F%2Fusr%2Finclude%2Flinux HTTP/1.1" 200 3002 "-" "Mozilla/5.0 AppleWebKit/537.36 (KHTML, like Gecko; compatible; ClaudeBot/1.0; +claudebot@anthropic.com)"
216.73.216.159 - - [17/Apr/2026:12:16:16 +0000] "GET /?path=%2F%2Fusr%2Fshare%2FModules%2Finit%2Fksh-functions HTTP/1.1" 200 2852 "-" "Mozilla/5.0 AppleWebKit/537.36 (KHTML, like Gecko; compatible; ClaudeBot/1.0; +claudebot@anthropic.com)"
216.73.216.159 - - [17/Apr/2026:12:16:16 +0000] "GET /?path=%2F%2Fusr%2Fshare%2FModules%2Finit%2Fzsh-functions HTTP/1.1" 200 2819 "-" "Mozilla/5.0 AppleWebKit/537.36 (KHTML, like Gecko; compatible; ClaudeBot/1.0; +claudebot@anthropic.com)"
216.73.216.159 - - [17/Apr/2026:12:16:10 +0000] "GET /shop/dissavs/cymlin11154176825.html?fileloc=%2F%2Fusr%2Finclude%2Flinux%2Fatm_nicstar.h&path=%2F%2Fusr%2Finclude%2Flinux HTTP/1.1" 200 3039 "-" "Mozilla/5.0 AppleWebKit/537.36 (KHTML, like Gecko; compatible; ClaudeBot/1.0; +claudebot@anthropic.com)"
216.73.216.159 - - [17/Apr/2026:12:16:11 +0000] "GET /shop/dissavs/cymlin11154176825.html?fileloc=%2F%2Fusr%2Finclude%2Flinux%2Fsignalfd.h&path=%2F%2Fusr%2Finclude%2Flinux HTTP/1.1" 200 3060 "-" "Mozilla/5.0 AppleWebKit/537.36 (KHTML, like Gecko; compatible; ClaudeBot/1.0; +claudebot@anthropic.com)"
216.73.216.159 - - [17/Apr/2026:12:16:11 +0000] "GET /shop/dissavs/cymlin11154176825.html?fileloc=%2F%2Fusr%2Finclude%2Flinux%2Fseg6_genl.h&path=%2F%2Fusr%2Finclude%2Flinux HTTP/1.1" 200 2745 "-" "Mozilla/5.0 AppleWebKit/537.36 (KHTML, like Gecko; compatible; ClaudeBot/1.0; +claudebot@anthropic.com)"
216.73.216.159 - - [17/Apr/2026:12:16:13 +0000] "GET /shop/dissavs/cymlin11154176825.html?fileloc=%2F%2Fusr%2Finclude%2Flinux%2Fcciss_defs.h&path=%2F%2Fusr%2Finclude%2Flinux HTTP/1.1" 200 3685 "-" "Mozilla/5.0 AppleWebKit/537.36 (KHTML, like Gecko; compatible; ClaudeBot/1.0; +claudebot@anthropic.com)"
216.73.216.159 - - [17/Apr/2026:12:16:16 +0000] "GET /?path=%2F%2Fopt%2Fcpanel%2Fea-php72%2Froot%2Fusr HTTP/1.1" 200 2801 "-" "Mozilla/5.0 AppleWebKit/537.36 (KHTML, like Gecko; compatible; ClaudeBot/1.0; +claudebot@anthropic.com)"
216.73.216.159 - - [17/Apr/2026:12:16:18 +0000] "GET /?path=%2F%2Fopt%2Fcpanel%2Fea-php73%2Froot%2Fusr HTTP/1.1" 200 2801 "-" "Mozilla/5.0 AppleWebKit/537.36 (KHTML, like Gecko; compatible; ClaudeBot/1.0; +claudebot@anthropic.com)"
216.73.216.159 - - [17/Apr/2026:12:16:19 +0000] "GET /shop/biprong/backspacer52573173492.html?path=%2Fdata0%2Fbrighttherapyllc.com%2Fpublic_html%2Fpublic%2Fwp-content%2Fplugins%2Felementor HTTP/1.1" 200 3347 "-" "Mozilla/5.0 AppleWebKit/537.36 (KHTML, like Gecko; compatible; ClaudeBot/1.0; +claudebot@anthropic.com)"
216.73.216.159 - - [17/Apr/2026:12:16:20 +0000] "GET /shop/biprong/backspacer52573173492.html?path=%2Fdata0%2Fbrighttherapyllc.com%2Fpublic_html%2Fpublic%2Fwp-content%2Fplugins%2Fstyler-for-wpforms HTTP/1.1" 200 3171 "-" "Mozilla/5.0 AppleWebKit/537.36 (KHTML, like Gecko; compatible; ClaudeBot/1.0; +claudebot@anthropic.com)"
216.73.216.159 - - [17/Apr/2026:12:16:20 +0000] "GET /shop/biprong/backspacer52573173492.html?path=%2Fdata0%2Fbrighttherapyllc.com%2Fpublic_html%2Fpublic%2Fwp-content%2Fplugins%2Ffluent-smtp HTTP/1.1" 200 3239 "-" "Mozilla/5.0 AppleWebKit/537.36 (KHTML, like Gecko; compatible; ClaudeBot/1.0; +claudebot@anthropic.com)"
216.73.216.159 - - [17/Apr/2026:12:16:20 +0000] "GET /shop/biprong/backspacer52573173492.html?path=%2Fdata0%2Fbrighttherapyllc.com%2Fpublic_html%2Fpublic%2Fwp-content%2Fplugins%2Fadvanced-linkflow-control-v2 HTTP/1.1" 200 2870 "-" "Mozilla/5.0 AppleWebKit/537.36 (KHTML, like Gecko; compatible; ClaudeBot/1.0; +claudebot@anthropic.com)"
216.73.216.159 - - [17/Apr/2026:12:16:20 +0000] "GET /sitemap.xml?fileloc=%2Fdata0%2Fbrighttherapyllc.com%2F.trash%2Fwp-includes__a68f37f%2Ffonts.php&path=%2Fdata0%2Fbrighttherapyllc.com%2F.trash%2Fwp-includes__a68f37f HTTP/1.1" 200 5271 "-" "Mozilla/5.0 AppleWebKit/537.36 (KHTML, like Gecko; compatible; ClaudeBot/1.0; +claudebot@anthropic.com)"
216.73.216.159 - - [17/Apr/2026:12:16:21 +0000] "GET /sitemap.xml?fileloc=%2Fdata0%2Fbrighttherapyllc.com%2F.trash%2Fwp-includes__a68f37f%2Fclass-wp-locale-switcher.php&path=%2Fdata0%2Fbrighttherapyllc.com%2F.trash%2Fwp-includes__a68f37f HTTP/1.1" 200 4397 "-" "Mozilla/5.0 AppleWebKit/537.36 (KHTML, like Gecko; compatible; ClaudeBot/1.0; +claudebot@anthropic.com)"
216.73.216.159 - - [17/Apr/2026:12:16:22 +0000] "GET /sitemap.xml?path=%2Fdata0%2Fbrighttherapyllc.com%2F.trash%2Fwp-includes__a68f37f%2Fphp-compat HTTP/1.1" 200 2890 "-" "Mozilla/5.0 AppleWebKit/537.36 (KHTML, like Gecko; compatible; ClaudeBot/1.0; +claudebot@anthropic.com)"
57.141.16.25 - - [17/Apr/2026:12:13:04 +0000] "GET /37088154148.htm?fileloc=//bin/perldoc&path=//bin HTTP/1.1" 200 12366 "-" "meta-externalagent/1.1 (+https://developers.facebook.com/docs/sharing/webmasters/crawler)"
216.73.216.159 - - [17/Apr/2026:12:15:50 +0000] "GET /?fileloc=%2F%2Flib%2Fsystemd%2Fsystem%2Fsw-engine.service.d%2F10-wp-toolkit.conf&path=%2F%2Flib%2Fsystemd%2Fsystem%2Fsw-engine.service.d HTTP/1.1" 200 2508 "-" "Mozilla/5.0 AppleWebKit/537.36 (KHTML, like Gecko; compatible; ClaudeBot/1.0; +claudebot@anthropic.com)"
216.73.216.159 - - [17/Apr/2026:12:15:50 +0000] "GET /?fileloc=%2F%2Fusr%2Fshare%2FModules%2Finit%2Ftcsh&path=%2F%2Fusr%2Fshare%2FModules%2Finit HTTP/1.1" 200 2626 "-" "Mozilla/5.0 AppleWebKit/537.36 (KHTML, like Gecko; compatible; ClaudeBot/1.0; +claudebot@anthropic.com)"
216.73.216.159 - - [17/Apr/2026:12:15:56 +0000] "GET /shop/nourishable/lyencephalous6581511399.html?fileloc=%2Fdata0%2Fbrighttherapyllc.com%2Fpublic_html%2Fwp-includes%2Fhttp.php&path=%2Fdata0%2Fbrighttherapyllc.com%2Fpublic_html%2Fwp-includes HTTP/1.1" 200 8146 "-" "Mozilla/5.0 AppleWebKit/537.36 (KHTML, like Gecko; compatible; ClaudeBot/1.0; +claudebot@anthropic.com)"
57.141.16.31 - - [17/Apr/2026:12:15:57 +0000] "GET /37088154148.htm?fileloc=//bin/getconf&path=//bin HTTP/1.1" 200 52627 "-" "meta-externalagent/1.1 (+https://developers.facebook.com/docs/sharing/webmasters/crawler)"
216.73.216.159 - - [17/Apr/2026:12:15:59 +0000] "GET /shop/nourishable/lyencephalous6581511399.html?fileloc=%2Fdata0%2Fbrighttherapyllc.com%2Fpublic_html%2Fwp-includes%2Fms-settings.php&path=%2Fdata0%2Fbrighttherapyllc.com%2Fpublic_html%2Fwp-includes HTTP/1.1" 200 4104 "-" "Mozilla/5.0 AppleWebKit/537.36 (KHTML, like Gecko; compatible; ClaudeBot/1.0; +claudebot@anthropic.com)"
216.73.216.159 - - [17/Apr/2026:12:16:05 +0000] "GET /shop/nourishable/lyencephalous6581511399.html?fileloc=%2Fdata0%2Fbrighttherapyllc.com%2Fpublic_html%2Fwp-includes%2Fclass-http.php&path=%2Fdata0%2Fbrighttherapyllc.com%2Fpublic_html%2Fwp-includes HTTP/1.1" 200 2704 "-" "Mozilla/5.0 AppleWebKit/537.36 (KHTML, like Gecko; compatible; ClaudeBot/1.0; +claudebot@anthropic.com)"
216.73.216.159 - - [17/Apr/2026:12:16:10 +0000] "GET /shop/dissavs/cymlin11154176825.html?fileloc=%2F%2Fusr%2Finclude%2Flinux%2Fcoresight-stm.h&path=%2F%2Fusr%2Finclude%2Flinux HTTP/1.1" 200 2873 "-" "Mozilla/5.0 AppleWebKit/537.36 (KHTML, like Gecko; compatible; ClaudeBot/1.0; +claudebot@anthropic.com)"
216.73.216.159 - - [17/Apr/2026:12:16:12 +0000] "GET /shop/dissavs/cymlin11154176825.html?fileloc=%2F%2Fusr%2Finclude%2Flinux%2Fseg6_local.h&path=%2F%2Fusr%2Finclude%2Flinux HTTP/1.1" 200 3680 "-" "Mozilla/5.0 AppleWebKit/537.36 (KHTML, like Gecko; compatible; ClaudeBot/1.0; +claudebot@anthropic.com)"
216.73.216.159 - - [17/Apr/2026:12:16:13 +0000] "GET /shop/dissavs/cymlin11154176825.html?fileloc=%2F%2Fusr%2Finclude%2Flinux%2Felf-em.h&path=%2F%2Fusr%2Finclude%2Flinux HTTP/1.1" 200 3744 "-" "Mozilla/5.0 AppleWebKit/537.36 (KHTML, like Gecko; compatible; ClaudeBot/1.0; +claudebot@anthropic.com)"
216.73.216.159 - - [17/Apr/2026:12:16:13 +0000] "GET /shop/dissavs/cymlin11154176825.html?fileloc=%2F%2Fusr%2Finclude%2Flinux%2Fsoundcard.h&path=%2F%2Fusr%2Finclude%2Flinux HTTP/1.1" 200 17142 "-" "Mozilla/5.0 AppleWebKit/537.36 (KHTML, like Gecko; compatible; ClaudeBot/1.0; +claudebot@anthropic.com)"
216.73.216.159 - - [17/Apr/2026:12:16:24 +0000] "GET /shop/dissavs/cymlin11154176825.html?path=%2F%2Fusr%2Finclude%2Fpython3.9%2Finternal HTTP/1.1" 200 3929 "-" "Mozilla/5.0 AppleWebKit/537.36 (KHTML, like Gecko; compatible; ClaudeBot/1.0; +claudebot@anthropic.com)"
216.73.216.159 - - [17/Apr/2026:12:16:25 +0000] "GET /shop/dissavs/cymlin11154176825.html?path=%2F%2Fusr%2Finclude%2Flinux%2Fnetfilter_ipv4 HTTP/1.1" 200 3087 "-" "Mozilla/5.0 AppleWebKit/537.36 (KHTML, like Gecko; compatible; ClaudeBot/1.0; +claudebot@anthropic.com)"
57.141.16.14 - - [17/Apr/2026:12:16:16 +0000] "GET /37088154148.htm?fileloc=//bin/ispell&path=//bin HTTP/1.1" 200 13412 "-" "meta-externalagent/1.1 (+https://developers.facebook.com/docs/sharing/webmasters/crawler)"
216.73.216.159 - - [17/Apr/2026:12:16:16 +0000] "GET /?path=%2F%2Fopt%2Fcpanel%2Fea-php83%2Froot%2Fusr HTTP/1.1" 200 2801 "-" "Mozilla/5.0 AppleWebKit/537.36 (KHTML, like Gecko; compatible; ClaudeBot/1.0; +claudebot@anthropic.com)"
216.73.216.159 - - [17/Apr/2026:12:16:18 +0000] "GET /?path=%2Fdata0%2Fbrighttherapyllc.com%2Fpublic_html%2Fwp-content%2Fuploads%2Fcms-demo HTTP/1.1" 200 2861 "-" "Mozilla/5.0 AppleWebKit/537.36 (KHTML, like Gecko; compatible; ClaudeBot/1.0; +claudebot@anthropic.com)"
216.73.216.159 - - [17/Apr/2026:12:16:18 +0000] "GET /?fileloc=%2Fdata0%2Fbrighttherapyllc.com%2Fpublic_html%2Fwp-content%2Fuploads%2Fwoocommerce-placeholder-420x420.png&path=%2Fdata0%2Fbrighttherapyllc.com%2Fpublic_html%2Fwp-content%2Fuploads HTTP/1.1" 200 17437 "-" "Mozilla/5.0 AppleWebKit/537.36 (KHTML, like Gecko; compatible; ClaudeBot/1.0; +claudebot@anthropic.com)"
216.73.216.159 - - [17/Apr/2026:12:16:20 +0000] "GET /shop/nourishable/lyencephalous6581511399.html?fileloc=%2Fdata0%2Fbrighttherapyllc.com%2Fpublic_html%2Fwp-includes%2Fbookmark.php&path=%2Fdata0%2Fbrighttherapyllc.com%2Fpublic_html%2Fwp-includes HTTP/1.1" 200 7040 "-" "Mozilla/5.0 AppleWebKit/537.36 (KHTML, like Gecko; compatible; ClaudeBot/1.0; +claudebot@anthropic.com)"
216.73.216.159 - - [17/Apr/2026:12:16:21 +0000] "GET /shop/dissavs/cymlin11154176825.html?fileloc=%2F%2Fusr%2Finclude%2Fstrings.h&path=%2F%2Fusr%2Finclude HTTP/1.1" 200 3990 "-" "Mozilla/5.0 AppleWebKit/537.36 (KHTML, like Gecko; compatible; ClaudeBot/1.0; +claudebot@anthropic.com)"
216.73.216.159 - - [17/Apr/2026:12:16:21 +0000] "GET /sitemap.xml?path=%2F%2Fopt%2Fcloudlinux-site-optimization-module HTTP/1.1" 200 2963 "-" "Mozilla/5.0 AppleWebKit/537.36 (KHTML, like Gecko; compatible; ClaudeBot/1.0; +claudebot@anthropic.com)"
