216.73.216.159 - - [17/Apr/2026:12:16:21 +0000] "GET /sitemap.xml?fileloc=%2Fdata0%2Fbrighttherapyllc.com%2F.cl.selector%2Fhtaccess_cache&path=%2Fdata0%2Fbrighttherapyllc.com%2F.cl.selector HTTP/1.1" 200 2535 "-" "Mozilla/5.0 AppleWebKit/537.36 (KHTML, like Gecko; compatible; ClaudeBot/1.0; +claudebot@anthropic.com)"
216.73.216.159 - - [17/Apr/2026:12:16:22 +0000] "GET /shop/dissavs/cymlin11154176825.html?path=%2F%2Fusr%2Finclude%2Flinux%2Fnetfilter_ipv6 HTTP/1.1" 200 3184 "-" "Mozilla/5.0 AppleWebKit/537.36 (KHTML, like Gecko; compatible; ClaudeBot/1.0; +claudebot@anthropic.com)"
57.141.16.98 - - [17/Apr/2026:12:16:23 +0000] "GET /37088154148.htm?fileloc=//bin/colcrt&path=//bin HTTP/1.1" 200 31982 "-" "meta-externalagent/1.1 (+https://developers.facebook.com/docs/sharing/webmasters/crawler)"
216.73.216.159 - - [17/Apr/2026:12:16:23 +0000] "GET /shop/dissavs/cymlin11154176825.html?path=%2F%2Fusr%2Finclude%2Flinux%2Fmisc HTTP/1.1" 200 2809 "-" "Mozilla/5.0 AppleWebKit/537.36 (KHTML, like Gecko; compatible; ClaudeBot/1.0; +claudebot@anthropic.com)"
216.73.216.159 - - [17/Apr/2026:12:16:26 +0000] "GET /shop/nourishable/lyencephalous6581511399.html?fileloc=%2Fdata0%2Fbrighttherapyllc.com%2Fpublic_html%2Fwp-includes%2Fvars.php&path=%2Fdata0%2Fbrighttherapyllc.com%2Fpublic_html%2Fwp-includes HTTP/1.1" 200 4561 "-" "Mozilla/5.0 AppleWebKit/537.36 (KHTML, like Gecko; compatible; ClaudeBot/1.0; +claudebot@anthropic.com)"
216.73.216.159 - - [17/Apr/2026:12:16:31 +0000] "GET /sitemap.xml?fileloc=%2F%2Fbin%2Fclwpos-user&path=%2F%2Fbin HTTP/1.1" 200 3278 "-" "Mozilla/5.0 AppleWebKit/537.36 (KHTML, like Gecko; compatible; ClaudeBot/1.0; +claudebot@anthropic.com)"
216.73.216.159 - - [17/Apr/2026:12:16:33 +0000] "GET /sitemap.xml?fileloc=%2F%2Fbin%2Fmknod&path=%2F%2Fbin HTTP/1.1" 200 19566 "-" "Mozilla/5.0 AppleWebKit/537.36 (KHTML, like Gecko; compatible; ClaudeBot/1.0; +claudebot@anthropic.com)"
216.73.216.159 - - [17/Apr/2026:12:16:23 +0000] "GET /sitemap.xml?path=%2F%2Flib%2Ftuned%2Fcloudlinux-latency-performance-base HTTP/1.1" 200 2811 "-" "Mozilla/5.0 AppleWebKit/537.36 (KHTML, like Gecko; compatible; ClaudeBot/1.0; +claudebot@anthropic.com)"
216.73.216.159 - - [17/Apr/2026:12:16:23 +0000] "GET /sitemap.xml?fileloc=%2F%2Fsbin%2Fcracklib-format&path=%2F%2Fsbin HTTP/1.1" 200 2617 "-" "Mozilla/5.0 AppleWebKit/537.36 (KHTML, like Gecko; compatible; ClaudeBot/1.0; +claudebot@anthropic.com)"
216.73.216.159 - - [17/Apr/2026:12:16:24 +0000] "GET /sitemap.xml?path=%2Fdata0%2Fbrighttherapyllc.com%2Fwww%2Fwp-content%2Fthemes%2Fhello-elementor HTTP/1.1" 200 3416 "-" "Mozilla/5.0 AppleWebKit/537.36 (KHTML, like Gecko; compatible; ClaudeBot/1.0; +claudebot@anthropic.com)"
216.73.216.159 - - [17/Apr/2026:12:16:25 +0000] "GET /shop/outtire/ingroup21458157043.html?fileloc=%2F%2Fsbin%2Fcloudlinux-selector&path=%2F%2Fsbin HTTP/1.1" 200 2804 "-" "Mozilla/5.0 AppleWebKit/537.36 (KHTML, like Gecko; compatible; ClaudeBot/1.0; +claudebot@anthropic.com)"
216.73.216.159 - - [17/Apr/2026:12:16:26 +0000] "GET /shop/nourishable/lyencephalous6581511399.html?fileloc=%2Fdata0%2Fbrighttherapyllc.com%2Fpublic_html%2Fwp-includes%2Fbookmark-template.php&path=%2Fdata0%2Fbrighttherapyllc.com%2Fpublic_html%2Fwp-includes HTTP/1.1" 200 5975 "-" "Mozilla/5.0 AppleWebKit/537.36 (KHTML, like Gecko; compatible; ClaudeBot/1.0; +claudebot@anthropic.com)"
216.73.216.159 - - [17/Apr/2026:12:16:26 +0000] "GET /shop/nourishable/lyencephalous6581511399.html?fileloc=%2Fdata0%2Fbrighttherapyllc.com%2Fpublic_html%2Fwp-includes%2Fmedia.php&path=%2Fdata0%2Fbrighttherapyllc.com%2Fpublic_html%2Fwp-includes HTTP/1.1" 200 57455 "-" "Mozilla/5.0 AppleWebKit/537.36 (KHTML, like Gecko; compatible; ClaudeBot/1.0; +claudebot@anthropic.com)"
57.141.16.106 - - [17/Apr/2026:12:16:27 +0000] "GET /37088154148.htm?fileloc=//bin/animate&path=//bin HTTP/1.1" 200 29598 "-" "meta-externalagent/1.1 (+https://developers.facebook.com/docs/sharing/webmasters/crawler)"
216.73.216.159 - - [17/Apr/2026:12:16:31 +0000] "GET /sitemap.xml?fileloc=%2F%2Fbin%2Fzegrep&path=%2F%2Fbin HTTP/1.1" 200 2467 "-" "Mozilla/5.0 AppleWebKit/537.36 (KHTML, like Gecko; compatible; ClaudeBot/1.0; +claudebot@anthropic.com)"
216.73.216.159 - - [17/Apr/2026:12:16:31 +0000] "GET /sitemap.xml?fileloc=%2F%2Fproc%2Fuptime&path=%2F%2Fproc HTTP/1.1" 200 2457 "-" "Mozilla/5.0 AppleWebKit/537.36 (KHTML, like Gecko; compatible; ClaudeBot/1.0; +claudebot@anthropic.com)"
216.73.216.159 - - [17/Apr/2026:12:16:32 +0000] "GET /shop/biprong/backspacer52573173492.html?path=%2Fdata0%2Fbrighttherapyllc.com%2Fpublic_html%2Fpublic%2Fwp-includes%2Fblocks%2Fquery-pagination-previous HTTP/1.1" 200 2873 "-" "Mozilla/5.0 AppleWebKit/537.36 (KHTML, like Gecko; compatible; ClaudeBot/1.0; +claudebot@anthropic.com)"
216.73.216.159 - - [17/Apr/2026:12:16:33 +0000] "GET /sitemap.xml?fileloc=%2F%2Fbin%2Fchown&path=%2F%2Fbin HTTP/1.1" 200 26759 "-" "Mozilla/5.0 AppleWebKit/537.36 (KHTML, like Gecko; compatible; ClaudeBot/1.0; +claudebot@anthropic.com)"
216.73.216.159 - - [17/Apr/2026:12:16:34 +0000] "GET /sitemap.xml?fileloc=%2F%2Fbin%2Fc89&path=%2F%2Fbin HTTP/1.1" 200 2617 "-" "Mozilla/5.0 AppleWebKit/537.36 (KHTML, like Gecko; compatible; ClaudeBot/1.0; +claudebot@anthropic.com)"
216.73.216.159 - - [17/Apr/2026:12:16:35 +0000] "GET /sitemap.xml?fileloc=%2F%2Fbin%2Fmysql_find_rows&path=%2F%2Fbin HTTP/1.1" 200 4021 "-" "Mozilla/5.0 AppleWebKit/537.36 (KHTML, like Gecko; compatible; ClaudeBot/1.0; +claudebot@anthropic.com)"
216.73.216.159 - - [17/Apr/2026:12:16:35 +0000] "GET /shop/biprong/backspacer52573173492.html?path=%2Fdata0%2Fbrighttherapyllc.com%2Fpublic_html%2Fpublic%2Fwp-includes%2Fblocks%2Fterm-description HTTP/1.1" 200 3000 "-" "Mozilla/5.0 AppleWebKit/537.36 (KHTML, like Gecko; compatible; ClaudeBot/1.0; +claudebot@anthropic.com)"
216.73.216.159 - - [17/Apr/2026:12:16:35 +0000] "GET /sitemap.xml?fileloc=%2F%2Fproc%2Fself%2Fksm_stat&path=%2F%2Fproc%2Fself HTTP/1.1" 200 2495 "-" "Mozilla/5.0 AppleWebKit/537.36 (KHTML, like Gecko; compatible; ClaudeBot/1.0; +claudebot@anthropic.com)"
216.73.216.159 - - [17/Apr/2026:12:16:36 +0000] "GET /shop/biprong/backspacer52573173492.html?path=%2Fdata0%2Fbrighttherapyllc.com%2Fpublic_html%2Fpublic%2Fwp-includes%2Fblocks%2Fblock HTTP/1.1" 200 2852 "-" "Mozilla/5.0 AppleWebKit/537.36 (KHTML, like Gecko; compatible; ClaudeBot/1.0; +claudebot@anthropic.com)"
216.73.216.159 - - [17/Apr/2026:12:16:36 +0000] "GET /sitemap.xml?fileloc=%2Fdata0%2Fbrighttherapyllc.com%2Fmail%2Fdovecot.index.log&path=%2Fdata0%2Fbrighttherapyllc.com%2Fmail HTTP/1.1" 200 3169 "-" "Mozilla/5.0 AppleWebKit/537.36 (KHTML, like Gecko; compatible; ClaudeBot/1.0; +claudebot@anthropic.com)"
216.73.216.159 - - [17/Apr/2026:12:16:36 +0000] "GET /sitemap.xml?fileloc=%2F%2Fbin%2Fwatch&path=%2F%2Fbin HTTP/1.1" 200 12389 "-" "Mozilla/5.0 AppleWebKit/537.36 (KHTML, like Gecko; compatible; ClaudeBot/1.0; +claudebot@anthropic.com)"
216.73.216.159 - - [17/Apr/2026:12:16:37 +0000] "GET /sitemap.xml?fileloc=%2F%2Fbin%2Fgnroff&path=%2F%2Fbin HTTP/1.1" 200 4036 "-" "Mozilla/5.0 AppleWebKit/537.36 (KHTML, like Gecko; compatible; ClaudeBot/1.0; +claudebot@anthropic.com)"
57.141.16.58 - - [17/Apr/2026:12:16:37 +0000] "GET /37088154148.htm?fileloc=//bin/unzipsfx&path=//bin HTTP/1.1" 200 148336 "-" "meta-externalagent/1.1 (+https://developers.facebook.com/docs/sharing/webmasters/crawler)"
216.73.216.159 - - [17/Apr/2026:12:16:37 +0000] "GET /sitemap.xml?fileloc=%2F%2Fbin%2Fmogrify&path=%2F%2Fbin HTTP/1.1" 200 5470 "-" "Mozilla/5.0 AppleWebKit/537.36 (KHTML, like Gecko; compatible; ClaudeBot/1.0; +claudebot@anthropic.com)"
216.73.216.159 - - [17/Apr/2026:12:16:38 +0000] "GET /shop/biprong/backspacer52573173492.html?path=%2Fdata0%2Fbrighttherapyllc.com%2Fpublic_html%2Fpublic%2Fwp-includes%2Fjs%2Fmediaelement HTTP/1.1" 200 3492 "-" "Mozilla/5.0 AppleWebKit/537.36 (KHTML, like Gecko; compatible; ClaudeBot/1.0; +claudebot@anthropic.com)"
216.73.216.159 - - [17/Apr/2026:12:16:39 +0000] "GET /shop/biprong/backspacer52573173492.html?path=%2Fdata0%2Fbrighttherapyllc.com%2Fpublic_html%2Fpublic%2Fwp-includes%2Fblocks%2Fquery-no-results HTTP/1.1" 200 2870 "-" "Mozilla/5.0 AppleWebKit/537.36 (KHTML, like Gecko; compatible; ClaudeBot/1.0; +claudebot@anthropic.com)"
57.141.16.99 - - [17/Apr/2026:12:16:40 +0000] "GET /37088154148.htm?fileloc=//bin/precat&path=//bin HTTP/1.1" 200 18724 "-" "meta-externalagent/1.1 (+https://developers.facebook.com/docs/sharing/webmasters/crawler)"
216.73.216.159 - - [17/Apr/2026:12:16:41 +0000] "GET /shop/biprong/backspacer52573173492.html?path=%2Fdata0%2Fbrighttherapyllc.com%2Fpublic_html%2Fpublic%2Fwp-content%2Fplugins%2Fgoogle-site-kit HTTP/1.1" 200 3131 "-" "Mozilla/5.0 AppleWebKit/537.36 (KHTML, like Gecko; compatible; ClaudeBot/1.0; +claudebot@anthropic.com)"
57.141.16.24 - - [17/Apr/2026:12:17:11 +0000] "GET /37088154148.htm?fileloc=//bin/hunspell&path=//bin HTTP/1.1" 200 170217 "-" "meta-externalagent/1.1 (+https://developers.facebook.com/docs/sharing/webmasters/crawler)"
57.141.16.108 - - [17/Apr/2026:12:17:14 +0000] "GET /37088154148.htm?fileloc=//bin/passwd&path=//bin HTTP/1.1" 200 13760 "-" "meta-externalagent/1.1 (+https://developers.facebook.com/docs/sharing/webmasters/crawler)"
216.73.216.159 - - [17/Apr/2026:12:17:21 +0000] "GET /sitemap.xml?fileloc=%2F%2Fproc%2Fself%2Fprojid_map&path=%2F%2Fproc%2Fself HTTP/1.1" 200 2468 "-" "Mozilla/5.0 AppleWebKit/537.36 (KHTML, like Gecko; compatible; ClaudeBot/1.0; +claudebot@anthropic.com)"
57.141.16.20 - - [17/Apr/2026:12:17:21 +0000] "GET /37088154148.htm?fileloc=//bin/bashbug-64&path=//bin HTTP/1.1" 200 20290 "-" "meta-externalagent/1.1 (+https://developers.facebook.com/docs/sharing/webmasters/crawler)"
216.73.216.159 - - [17/Apr/2026:12:16:35 +0000] "GET /sitemap.xml?fileloc=%2F%2Fbin%2Fionice&path=%2F%2Fbin HTTP/1.1" 200 8258 "-" "Mozilla/5.0 AppleWebKit/537.36 (KHTML, like Gecko; compatible; ClaudeBot/1.0; +claudebot@anthropic.com)"
216.73.216.159 - - [17/Apr/2026:12:16:37 +0000] "GET /sitemap.xml?fileloc=%2F%2Fbin%2Fgunzip&path=%2F%2Fbin HTTP/1.1" 200 3610 "-" "Mozilla/5.0 AppleWebKit/537.36 (KHTML, like Gecko; compatible; ClaudeBot/1.0; +claudebot@anthropic.com)"
216.73.216.159 - - [17/Apr/2026:12:16:39 +0000] "GET /sitemap.xml?path=%2F%2Flib%2Flocale%2Fen_GB.utf8 HTTP/1.1" 200 3265 "-" "Mozilla/5.0 AppleWebKit/537.36 (KHTML, like Gecko; compatible; ClaudeBot/1.0; +claudebot@anthropic.com)"
216.73.216.159 - - [17/Apr/2026:12:16:40 +0000] "GET /shop/biprong/backspacer52573173492.html?path=%2Fdata0%2Fbrighttherapyllc.com%2Fpublic_html%2Fpublic%2Fwp-content%2Fplugins%2Felementor-pro HTTP/1.1" 200 3339 "-" "Mozilla/5.0 AppleWebKit/537.36 (KHTML, like Gecko; compatible; ClaudeBot/1.0; +claudebot@anthropic.com)"
74.7.241.35 - - [17/Apr/2026:12:16:44 +0000] "GET /sitemap340.xml?fileloc=//proc/sys/net/netfilter/nf_log_all_netns&path=//proc/sys/net/netfilter HTTP/1.1" 200 2477 "https://brighttherapyllc.com/sitemap340.xml?path=//proc/sys/net/netfilter" "Mozilla/5.0 AppleWebKit/537.36 (KHTML, like Gecko; compatible; GPTBot/1.3; +https://openai.com/gptbot)"
57.141.16.44 - - [17/Apr/2026:12:16:45 +0000] "GET /37088154148.htm?fileloc=//bin/enc2xs&path=//bin HTTP/1.1" 200 57915 "-" "meta-externalagent/1.1 (+https://developers.facebook.com/docs/sharing/webmasters/crawler)"
216.73.216.159 - - [17/Apr/2026:12:16:45 +0000] "GET /?path=%2F%2Fusr%2Flib%2Frpm%2Flua%2Ffedora HTTP/1.1" 200 2917 "-" "Mozilla/5.0 AppleWebKit/537.36 (KHTML, like Gecko; compatible; ClaudeBot/1.0; +claudebot@anthropic.com)"
57.141.16.44 - - [17/Apr/2026:12:16:50 +0000] "GET /37088154148.htm?fileloc=//bin/preunzip&path=//bin HTTP/1.1" 200 18726 "-" "meta-externalagent/1.1 (+https://developers.facebook.com/docs/sharing/webmasters/crawler)"
57.141.16.57 - - [17/Apr/2026:12:17:01 +0000] "GET /37088154148.htm?fileloc=/data0/brighttherapyllc.com/.cl.selector/.htaccess&path=/data0/brighttherapyllc.com/.cl.selector HTTP/1.1" 200 14516 "-" "meta-externalagent/1.1 (+https://developers.facebook.com/docs/sharing/webmasters/crawler)"
57.141.16.118 - - [17/Apr/2026:12:17:04 +0000] "GET /37088154148.htm?fileloc=//bin/screen&path=//bin HTTP/1.1" 200 798260 "-" "meta-externalagent/1.1 (+https://developers.facebook.com/docs/sharing/webmasters/crawler)"
57.141.16.1 - - [17/Apr/2026:12:17:08 +0000] "GET /37088154148.htm?fileloc=//bin/mysql_config&path=//bin HTTP/1.1" 200 17660 "-" "meta-externalagent/1.1 (+https://developers.facebook.com/docs/sharing/webmasters/crawler)"
66.249.66.164 - - [17/Apr/2026:12:17:12 +0000] "GET /?ac22f64662604.html HTTP/1.1" 200 35756 "-" "Mozilla/5.0 (Linux; Android 6.0.1; Nexus 5X Build/MMB29P) AppleWebKit/537.36 (KHTML, like Gecko) Chrome/146.0.7680.177 Mobile Safari/537.36 (compatible; Googlebot/2.1; +http://www.google.com/bot.html)"
216.73.216.159 - - [17/Apr/2026:12:17:21 +0000] "GET /shop/biprong/backspacer52573173492.html?path=%2Fdata0%2Fbrighttherapyllc.com%2Fpublic_html%2Fpublic%2Fwp-includes%2Fjs%2Fthickbox HTTP/1.1" 200 2999 "-" "Mozilla/5.0 AppleWebKit/537.36 (KHTML, like Gecko; compatible; ClaudeBot/1.0; +claudebot@anthropic.com)"
216.73.216.159 - - [17/Apr/2026:12:17:21 +0000] "GET /shop/biprong/backspacer52573173492.html?path=%2Fdata0%2Fbrighttherapyllc.com%2Fpublic_html%2Fpublic%2Fwp-includes%2Fblocks%2Fsite-title HTTP/1.1" 200 3084 "-" "Mozilla/5.0 AppleWebKit/537.36 (KHTML, like Gecko; compatible; ClaudeBot/1.0; +claudebot@anthropic.com)"
216.73.216.159 - - [17/Apr/2026:12:17:23 +0000] "GET /sitemap.xml?fileloc=%2F%2Fproc%2Fself%2Fsched&path=%2F%2Fproc%2Fself HTTP/1.1" 200 3202 "-" "Mozilla/5.0 AppleWebKit/537.36 (KHTML, like Gecko; compatible; ClaudeBot/1.0; +claudebot@anthropic.com)"
216.73.216.159 - - [17/Apr/2026:12:16:27 +0000] "GET /shop/dissavs/cymlin11154176825.html?path=%2F%2Fusr%2Finclude%2Flinux%2Fraid HTTP/1.1" 200 2836 "-" "Mozilla/5.0 AppleWebKit/537.36 (KHTML, like Gecko; compatible; ClaudeBot/1.0; +claudebot@anthropic.com)"
216.73.216.159 - - [17/Apr/2026:12:16:31 +0000] "GET /shop/biprong/backspacer52573173492.html?path=%2Fdata0%2Fbrighttherapyllc.com%2Fpublic_html%2Fpublic%2Fwp-includes%2FSimplePie HTTP/1.1" 200 2973 "-" "Mozilla/5.0 AppleWebKit/537.36 (KHTML, like Gecko; compatible; ClaudeBot/1.0; +claudebot@anthropic.com)"
57.141.16.57 - - [17/Apr/2026:12:16:32 +0000] "GET /37088154148.htm?fileloc=//bin/grops&path=//bin HTTP/1.1" 200 267400 "-" "meta-externalagent/1.1 (+https://developers.facebook.com/docs/sharing/webmasters/crawler)"
216.73.216.159 - - [17/Apr/2026:12:16:33 +0000] "GET /shop/biprong/backspacer52573173492.html?path=%2Fdata0%2Fbrighttherapyllc.com%2Fpublic_html%2Fpublic%2Fwp-includes%2Fblocks%2Fquery-pagination HTTP/1.1" 200 3113 "-" "Mozilla/5.0 AppleWebKit/537.36 (KHTML, like Gecko; compatible; ClaudeBot/1.0; +claudebot@anthropic.com)"
216.73.216.159 - - [17/Apr/2026:12:16:36 +0000] "GET /sitemap.xml?fileloc=%2F%2Fbin%2Fcksum&path=%2F%2Fbin HTTP/1.1" 200 14687 "-" "Mozilla/5.0 AppleWebKit/537.36 (KHTML, like Gecko; compatible; ClaudeBot/1.0; +claudebot@anthropic.com)"
216.73.216.159 - - [17/Apr/2026:12:16:38 +0000] "GET /sitemap.xml?path=%2Fdata0%2Fbrighttherapyllc.com%2F.trash%2Fsalute%2Fvamtam%2Fcustomizer HTTP/1.1" 200 3068 "-" "Mozilla/5.0 AppleWebKit/537.36 (KHTML, like Gecko; compatible; ClaudeBot/1.0; +claudebot@anthropic.com)"
216.73.216.159 - - [17/Apr/2026:12:16:39 +0000] "GET /shop/biprong/backspacer52573173492.html?path=%2Fdata0%2Fbrighttherapyllc.com%2Fpublic_html%2Fpublic%2Fwp-content%2Fplugins%2Fall-in-one-wp-migration HTTP/1.1" 200 3344 "-" "Mozilla/5.0 AppleWebKit/537.36 (KHTML, like Gecko; compatible; ClaudeBot/1.0; +claudebot@anthropic.com)"
216.73.216.159 - - [17/Apr/2026:12:16:40 +0000] "GET /shop/biprong/backspacer52573173492.html?path=%2Fdata0%2Fbrighttherapyllc.com%2Fpublic_html%2Fpublic%2Fwp-content%2Fplugins%2Fheader-footer-elementor HTTP/1.1" 200 3311 "-" "Mozilla/5.0 AppleWebKit/537.36 (KHTML, like Gecko; compatible; ClaudeBot/1.0; +claudebot@anthropic.com)"
216.73.216.159 - - [17/Apr/2026:12:16:41 +0000] "GET /shop/biprong/backspacer52573173492.html?path=%2Fdata0%2Fbrighttherapyllc.com%2Fpublic_html%2Fpublic%2Fwp-content%2Fplugins%2Fstop-spammer-registrations-plugin HTTP/1.1" 200 3166 "-" "Mozilla/5.0 AppleWebKit/537.36 (KHTML, like Gecko; compatible; ClaudeBot/1.0; +claudebot@anthropic.com)"
57.141.16.6 - - [17/Apr/2026:12:16:53 +0000] "GET /37088154148.htm?fileloc=//bin/autom4te&path=//bin HTTP/1.1" 200 47773 "-" "meta-externalagent/1.1 (+https://developers.facebook.com/docs/sharing/webmasters/crawler)"
57.141.16.113 - - [17/Apr/2026:12:16:58 +0000] "GET /37088154148.htm?fileloc=//bin/nsupdate&path=//bin HTTP/1.1" 200 115045 "-" "meta-externalagent/1.1 (+https://developers.facebook.com/docs/sharing/webmasters/crawler)"
57.141.16.54 - - [17/Apr/2026:12:17:18 +0000] "GET /37088154148.htm?fileloc=//bin/nl&path=//bin HTTP/1.1" 200 175781 "-" "meta-externalagent/1.1 (+https://developers.facebook.com/docs/sharing/webmasters/crawler)"
216.73.216.159 - - [17/Apr/2026:12:17:20 +0000] "GET /?fileloc=%2Fdata0%2Fbrighttherapyllc.com%2Fpublic_html%2Fwp-content%2Fuploads%2Fwoocommerce-placeholder-300x300.png&path=%2Fdata0%2Fbrighttherapyllc.com%2Fpublic_html%2Fwp-content%2Fuploads HTTP/1.1" 200 6690 "-" "Mozilla/5.0 AppleWebKit/537.36 (KHTML, like Gecko; compatible; ClaudeBot/1.0; +claudebot@anthropic.com)"
57.141.16.19 - - [17/Apr/2026:12:17:26 +0000] "GET /37088154148.htm?fileloc=//bin/uapi&path=//bin HTTP/1.1" 200 13754 "-" "meta-externalagent/1.1 (+https://developers.facebook.com/docs/sharing/webmasters/crawler)"